{"id":895,"date":"2021-04-19T11:04:13","date_gmt":"2021-04-19T11:04:13","guid":{"rendered":"https:\/\/www.moblesgallent.com\/wp-content\/uploads\/2021\/04\/muebles-de-bano-en-Tarragona.jpg"},"modified":"2021-04-19T11:06:01","modified_gmt":"2021-04-19T11:06:01","slug":"muebles-de-bano-en-tarragona","status":"inherit","type":"attachment","link":"https:\/\/www.moblesgallent.com\/ca\/muebles-bano-tarragona\/muebles-de-bano-en-tarragona\/","title":{"rendered":"muebles de ba\u00f1o en Tarragona"},"author":1,"featured_media":0,"comment_status":"open","ping_status":"closed","template":"","meta":{"_et_pb_use_builder":"","_et_pb_old_content":"","_et_gb_content_width":""},"class_list":["post-895","attachment","type-attachment","status-inherit","hentry"],"yoast_head":"<!-- This site is optimized with the Yoast SEO plugin v27.1.1 - https:\/\/yoast.com\/product\/yoast-seo-wordpress\/ -->\n<title>muebles de ba\u00f1o en Tarragona - Mobles Gallent | mobiliario de cocina | mobiliario de ba\u00f1o | mobiliario de sal\u00f3n | armarios | Reformas y dise\u00f1os de interiores en Tarragona<\/title>\n<meta name=\"robots\" content=\"index, follow, max-snippet:-1, max-image-preview:large, max-video-preview:-1\" \/>\n<link rel=\"canonical\" href=\"https:\/\/www.moblesgallent.com\/wp-content\/uploads\/2021\/04\/muebles-de-bano-en-Tarragona.jpg\" \/>\n<meta property=\"og:locale\" content=\"ca_ES\" \/>\n<meta property=\"og:type\" content=\"article\" \/>\n<meta property=\"og:title\" content=\"muebles de ba\u00f1o en Tarragona - Mobles Gallent | mobiliario de cocina | mobiliario de ba\u00f1o | mobiliario de sal\u00f3n | armarios | Reformas y dise\u00f1os de interiores en Tarragona\" \/>\n<meta property=\"og:url\" content=\"https:\/\/www.moblesgallent.com\/wp-content\/uploads\/2021\/04\/muebles-de-bano-en-Tarragona.jpg\" \/>\n<meta property=\"og:site_name\" content=\"Mobles Gallent | mobiliario de cocina | mobiliario de ba\u00f1o | mobiliario de sal\u00f3n | armarios | Reformas y dise\u00f1os de interiores en Tarragona\" \/>\n<meta property=\"article:modified_time\" content=\"2021-04-19T11:06:01+00:00\" \/>\n<meta property=\"og:image\" content=\"https:\/\/www.moblesgallent.com\/wp-content\/uploads\/2021\/04\/muebles-de-bano-en-Tarragona.jpg\" \/>\n\t<meta property=\"og:image:width\" content=\"900\" \/>\n\t<meta property=\"og:image:height\" content=\"650\" \/>\n\t<meta property=\"og:image:type\" content=\"image\/jpeg\" \/>\n<meta name=\"twitter:card\" content=\"summary_large_image\" \/>\n<script type=\"application\/ld+json\" class=\"yoast-schema-graph\">{\"@context\":\"https:\/\/schema.org\",\"@graph\":[{\"@type\":\"WebPage\",\"@id\":\"https:\/\/www.moblesgallent.com\/wp-content\/uploads\/2021\/04\/muebles-de-bano-en-Tarragona.jpg\",\"url\":\"https:\/\/www.moblesgallent.com\/wp-content\/uploads\/2021\/04\/muebles-de-bano-en-Tarragona.jpg\",\"name\":\"muebles de ba\u00f1o en Tarragona - Mobles Gallent | mobiliario de cocina | mobiliario de ba\u00f1o | mobiliario de sal\u00f3n | armarios | Reformas y dise\u00f1os de interiores en Tarragona\",\"isPartOf\":{\"@id\":\"https:\/\/www.moblesgallent.com\/#website\"},\"datePublished\":\"2021-04-19T11:04:13+00:00\",\"dateModified\":\"2021-04-19T11:06:01+00:00\",\"breadcrumb\":{\"@id\":\"https:\/\/www.moblesgallent.com\/wp-content\/uploads\/2021\/04\/muebles-de-bano-en-Tarragona.jpg#breadcrumb\"},\"inLanguage\":\"ca\",\"potentialAction\":[{\"@type\":\"ReadAction\",\"target\":[\"https:\/\/www.moblesgallent.com\/wp-content\/uploads\/2021\/04\/muebles-de-bano-en-Tarragona.jpg\"]}]},{\"@type\":\"BreadcrumbList\",\"@id\":\"https:\/\/www.moblesgallent.com\/wp-content\/uploads\/2021\/04\/muebles-de-bano-en-Tarragona.jpg#breadcrumb\",\"itemListElement\":[{\"@type\":\"ListItem\",\"position\":1,\"name\":\"Portada\",\"item\":\"https:\/\/www.moblesgallent.com\/\"},{\"@type\":\"ListItem\",\"position\":2,\"name\":\"Muebles de ba\u00f1o en Tarragona\",\"item\":\"https:\/\/www.moblesgallent.com\/muebles-bano-tarragona\/\"},{\"@type\":\"ListItem\",\"position\":3,\"name\":\"muebles de ba\u00f1o en Tarragona\"}]},{\"@type\":\"WebSite\",\"@id\":\"https:\/\/www.moblesgallent.com\/#website\",\"url\":\"https:\/\/www.moblesgallent.com\/\",\"name\":\"Mobles Gallent | mobiliario de cocina | mobiliario de ba\u00f1o | mobiliario de sal\u00f3n | armarios | Reformas y dise\u00f1os de interiores en Tarragona\",\"description\":\"Otro sitio realizado con Soft Optimiza Digital Media Empresas\",\"potentialAction\":[{\"@type\":\"SearchAction\",\"target\":{\"@type\":\"EntryPoint\",\"urlTemplate\":\"https:\/\/www.moblesgallent.com\/?s={search_term_string}\"},\"query-input\":{\"@type\":\"PropertyValueSpecification\",\"valueRequired\":true,\"valueName\":\"search_term_string\"}}],\"inLanguage\":\"ca\"}]}<\/script>\n<!-- \/ Yoast SEO plugin. -->","yoast_head_json":{"title":"muebles de ba\u00f1o en Tarragona - Mobles Gallent | mobiliario de cocina | mobiliario de ba\u00f1o | mobiliario de sal\u00f3n | armarios | Reformas y dise\u00f1os de interiores en Tarragona","robots":{"index":"index","follow":"follow","max-snippet":"max-snippet:-1","max-image-preview":"max-image-preview:large","max-video-preview":"max-video-preview:-1"},"canonical":"https:\/\/www.moblesgallent.com\/wp-content\/uploads\/2021\/04\/muebles-de-bano-en-Tarragona.jpg","og_locale":"ca_ES","og_type":"article","og_title":"muebles de ba\u00f1o en Tarragona - Mobles Gallent | mobiliario de cocina | mobiliario de ba\u00f1o | mobiliario de sal\u00f3n | armarios | Reformas y dise\u00f1os de interiores en Tarragona","og_url":"https:\/\/www.moblesgallent.com\/wp-content\/uploads\/2021\/04\/muebles-de-bano-en-Tarragona.jpg","og_site_name":"Mobles Gallent | mobiliario de cocina | mobiliario de ba\u00f1o | mobiliario de sal\u00f3n | armarios | Reformas y dise\u00f1os de interiores en Tarragona","article_modified_time":"2021-04-19T11:06:01+00:00","og_image":[{"width":900,"height":650,"url":"https:\/\/www.moblesgallent.com\/wp-content\/uploads\/2021\/04\/muebles-de-bano-en-Tarragona.jpg","type":"image\/jpeg"}],"twitter_card":"summary_large_image","schema":{"@context":"https:\/\/schema.org","@graph":[{"@type":"WebPage","@id":"https:\/\/www.moblesgallent.com\/wp-content\/uploads\/2021\/04\/muebles-de-bano-en-Tarragona.jpg","url":"https:\/\/www.moblesgallent.com\/wp-content\/uploads\/2021\/04\/muebles-de-bano-en-Tarragona.jpg","name":"muebles de ba\u00f1o en Tarragona - Mobles Gallent | mobiliario de cocina | mobiliario de ba\u00f1o | mobiliario de sal\u00f3n | armarios | Reformas y dise\u00f1os de interiores en Tarragona","isPartOf":{"@id":"https:\/\/www.moblesgallent.com\/#website"},"datePublished":"2021-04-19T11:04:13+00:00","dateModified":"2021-04-19T11:06:01+00:00","breadcrumb":{"@id":"https:\/\/www.moblesgallent.com\/wp-content\/uploads\/2021\/04\/muebles-de-bano-en-Tarragona.jpg#breadcrumb"},"inLanguage":"ca","potentialAction":[{"@type":"ReadAction","target":["https:\/\/www.moblesgallent.com\/wp-content\/uploads\/2021\/04\/muebles-de-bano-en-Tarragona.jpg"]}]},{"@type":"BreadcrumbList","@id":"https:\/\/www.moblesgallent.com\/wp-content\/uploads\/2021\/04\/muebles-de-bano-en-Tarragona.jpg#breadcrumb","itemListElement":[{"@type":"ListItem","position":1,"name":"Portada","item":"https:\/\/www.moblesgallent.com\/"},{"@type":"ListItem","position":2,"name":"Muebles de ba\u00f1o en Tarragona","item":"https:\/\/www.moblesgallent.com\/muebles-bano-tarragona\/"},{"@type":"ListItem","position":3,"name":"muebles de ba\u00f1o en Tarragona"}]},{"@type":"WebSite","@id":"https:\/\/www.moblesgallent.com\/#website","url":"https:\/\/www.moblesgallent.com\/","name":"Mobles Gallent | mobiliario de cocina | mobiliario de ba\u00f1o | mobiliario de sal\u00f3n | armarios | Reformas y dise\u00f1os de interiores en Tarragona","description":"Otro sitio realizado con Soft Optimiza Digital Media Empresas","potentialAction":[{"@type":"SearchAction","target":{"@type":"EntryPoint","urlTemplate":"https:\/\/www.moblesgallent.com\/?s={search_term_string}"},"query-input":{"@type":"PropertyValueSpecification","valueRequired":true,"valueName":"search_term_string"}}],"inLanguage":"ca"}]}},"smush":{"stats":{"percent":0.5706991804207797,"bytes":1158,"size_before":202909,"size_after":201751,"time":0.32,"api_version":"1.0","lossy":false,"keep_exif":0},"sizes":{"medium":{"percent":0.14,"bytes":18,"size_before":13030,"size_after":13012,"time":0.03},"thumbnail":{"percent":0,"bytes":0,"size_before":5067,"size_after":5067,"time":0.03},"medium_large":{"percent":1,"bytes":616,"size_before":61508,"size_after":60892,"time":0.03},"trp-custom-language-flag":{"percent":0,"bytes":0,"size_before":393,"size_after":393,"time":0.04},"et-pb-post-main-image":{"percent":0.3,"bytes":55,"size_before":18509,"size_after":18454,"time":0.07},"et-pb-portfolio-image":{"percent":0.38,"bytes":78,"size_before":20265,"size_after":20187,"time":0.02},"et-pb-portfolio-module-image":{"percent":0.63,"bytes":198,"size_before":31444,"size_after":31246,"time":0.02},"et-pb-gallery-module-image-portrait":{"percent":0,"bytes":0,"size_before":24865,"size_after":24865,"time":0.06},"et-pb-image--responsive--phone":{"percent":0.69,"bytes":193,"size_before":27828,"size_after":27635,"time":0.02}}},"description":{"rendered":"<p class=\"attachment\"><a href='https:\/\/www.moblesgallent.com\/wp-content\/uploads\/2021\/04\/muebles-de-bano-en-Tarragona.jpg'><img decoding=\"async\" width=\"300\" height=\"217\" data-src=\"https:\/\/www.moblesgallent.com\/wp-content\/uploads\/2021\/04\/muebles-de-bano-en-Tarragona-300x217.jpg\" class=\"attachment-medium size-medium lazyload\" alt=\"muebles de ba\u00f1o en Tarragona\" src=\"data:image\/svg+xml;base64,PHN2ZyB3aWR0aD0iMSIgaGVpZ2h0PSIxIiB4bWxucz0iaHR0cDovL3d3dy53My5vcmcvMjAwMC9zdmciPjwvc3ZnPg==\" style=\"--smush-placeholder-width: 300px; --smush-placeholder-aspect-ratio: 300\/217;\" \/><\/a><\/p>"},"caption":{"rendered":""},"alt_text":"muebles de ba\u00f1o en Tarragona","media_type":"image","mime_type":"image\/jpeg","media_details":{"width":900,"height":650,"file":"2021\/04\/muebles-de-bano-en-Tarragona.jpg","sizes":{"medium":{"file":"muebles-de-bano-en-Tarragona-300x217.jpg","width":300,"height":217,"mime_type":"image\/jpeg","source_url":"https:\/\/www.moblesgallent.com\/wp-content\/uploads\/2021\/04\/muebles-de-bano-en-Tarragona-300x217.jpg"},"thumbnail":{"file":"muebles-de-bano-en-Tarragona-150x150.jpg","width":150,"height":150,"mime_type":"image\/jpeg","source_url":"https:\/\/www.moblesgallent.com\/wp-content\/uploads\/2021\/04\/muebles-de-bano-en-Tarragona-150x150.jpg"},"medium_large":{"file":"muebles-de-bano-en-Tarragona-768x555.jpg","width":768,"height":555,"mime_type":"image\/jpeg","source_url":"https:\/\/www.moblesgallent.com\/wp-content\/uploads\/2021\/04\/muebles-de-bano-en-Tarragona-768x555.jpg"},"trp-custom-language-flag":{"file":"muebles-de-bano-en-Tarragona-16x12.jpg","width":16,"height":12,"mime_type":"image\/jpeg","source_url":"https:\/\/www.moblesgallent.com\/wp-content\/uploads\/2021\/04\/muebles-de-bano-en-Tarragona-16x12.jpg"},"et-pb-post-main-image":{"file":"muebles-de-bano-en-Tarragona-400x250.jpg","width":400,"height":250,"mime_type":"image\/jpeg","source_url":"https:\/\/www.moblesgallent.com\/wp-content\/uploads\/2021\/04\/muebles-de-bano-en-Tarragona-400x250.jpg"},"et-pb-portfolio-image":{"file":"muebles-de-bano-en-Tarragona-400x284.jpg","width":400,"height":284,"mime_type":"image\/jpeg","source_url":"https:\/\/www.moblesgallent.com\/wp-content\/uploads\/2021\/04\/muebles-de-bano-en-Tarragona-400x284.jpg"},"et-pb-portfolio-module-image":{"file":"muebles-de-bano-en-Tarragona-510x382.jpg","width":510,"height":382,"mime_type":"image\/jpeg","source_url":"https:\/\/www.moblesgallent.com\/wp-content\/uploads\/2021\/04\/muebles-de-bano-en-Tarragona-510x382.jpg"},"et-pb-gallery-module-image-portrait":{"file":"muebles-de-bano-en-Tarragona-400x516.jpg","width":400,"height":516,"mime_type":"image\/jpeg","source_url":"https:\/\/www.moblesgallent.com\/wp-content\/uploads\/2021\/04\/muebles-de-bano-en-Tarragona-400x516.jpg"},"et-pb-image--responsive--phone":{"file":"muebles-de-bano-en-Tarragona-480x347.jpg","width":480,"height":347,"mime_type":"image\/jpeg","source_url":"https:\/\/www.moblesgallent.com\/wp-content\/uploads\/2021\/04\/muebles-de-bano-en-Tarragona-480x347.jpg"},"full":{"file":"muebles-de-bano-en-Tarragona.jpg","width":900,"height":650,"mime_type":"image\/jpeg","source_url":"https:\/\/www.moblesgallent.com\/wp-content\/uploads\/2021\/04\/muebles-de-bano-en-Tarragona.jpg"}},"image_meta":{"aperture":"0","credit":"","camera":"","caption":"","created_timestamp":"0","copyright":"","focal_length":"0","iso":"0","shutter_speed":"0","title":"","orientation":"0","keywords":[]}},"post":840,"source_url":"https:\/\/www.moblesgallent.com\/wp-content\/uploads\/2021\/04\/muebles-de-bano-en-Tarragona.jpg","_links":{"self":[{"href":"https:\/\/www.moblesgallent.com\/ca\/wp-json\/wp\/v2\/media\/895","targetHints":{"allow":["GET"]}}],"collection":[{"href":"https:\/\/www.moblesgallent.com\/ca\/wp-json\/wp\/v2\/media"}],"about":[{"href":"https:\/\/www.moblesgallent.com\/ca\/wp-json\/wp\/v2\/types\/attachment"}],"author":[{"embeddable":true,"href":"https:\/\/www.moblesgallent.com\/ca\/wp-json\/wp\/v2\/users\/1"}],"replies":[{"embeddable":true,"href":"https:\/\/www.moblesgallent.com\/ca\/wp-json\/wp\/v2\/comments?post=895"}],"wp:attached-to":[{"embeddable":true,"post_type":"page","id":840,"href":"https:\/\/www.moblesgallent.com\/ca\/wp-json\/wp\/v2\/pages\/840"}],"curies":[{"name":"wp","href":"https:\/\/api.w.org\/{rel}","templated":true}]}}

muebles de baño en Tarragona

<!-- This site is optimized with the Yoast SEO plugin v27.1.1 - https://yoast.com/product/yoast-seo-wordpress/ -->
<title>muebles de baño en Tarragona - Mobles Gallent | mobiliario de cocina | mobiliario de baño | mobiliario de salón | armarios | Reformas y diseños de interiores en Tarragona</title>
<meta name="robots" content="index, follow, max-snippet:-1, max-image-preview:large, max-video-preview:-1" />
<link rel="canonical" href="https://www.moblesgallent.com/wp-content/uploads/2021/04/muebles-de-bano-en-Tarragona.jpg" />
<meta property="og:locale" content="ca_ES" />
<meta property="og:type" content="article" />
<meta property="og:title" content="muebles de baño en Tarragona - Mobles Gallent | mobiliario de cocina | mobiliario de baño | mobiliario de salón | armarios | Reformas y diseños de interiores en Tarragona" />
<meta property="og:url" content="https://www.moblesgallent.com/wp-content/uploads/2021/04/muebles-de-bano-en-Tarragona.jpg" />
<meta property="og:site_name" content="Mobles Gallent | mobiliario de cocina | mobiliario de baño | mobiliario de salón | armarios | Reformas y diseños de interiores en Tarragona" />
<meta property="article:modified_time" content="2021-04-19T11:06:01+00:00" />
<meta property="og:image" content="https://www.moblesgallent.com/wp-content/uploads/2021/04/muebles-de-bano-en-Tarragona.jpg" />
	<meta property="og:image:width" content="900" />
	<meta property="og:image:height" content="650" />
	<meta property="og:image:type" content="image/jpeg" />
<meta name="twitter:card" content="summary_large_image" />
<script type="application/ld+json" class="yoast-schema-graph">{"@context":"https://schema.org","@graph":[{"@type":"WebPage","@id":"https://www.moblesgallent.com/wp-content/uploads/2021/04/muebles-de-bano-en-Tarragona.jpg","url":"https://www.moblesgallent.com/wp-content/uploads/2021/04/muebles-de-bano-en-Tarragona.jpg","name":"muebles de baño en Tarragona - Mobles Gallent | mobiliario de cocina | mobiliario de baño | mobiliario de salón | armarios | Reformas y diseños de interiores en Tarragona","isPartOf":{"@id":"https://www.moblesgallent.com/#website"},"datePublished":"2021-04-19T11:04:13+00:00","dateModified":"2021-04-19T11:06:01+00:00","breadcrumb":{"@id":"https://www.moblesgallent.com/wp-content/uploads/2021/04/muebles-de-bano-en-Tarragona.jpg#breadcrumb"},"inLanguage":"ca","potentialAction":[{"@type":"ReadAction","target":["https://www.moblesgallent.com/wp-content/uploads/2021/04/muebles-de-bano-en-Tarragona.jpg"]}]},{"@type":"BreadcrumbList","@id":"https://www.moblesgallent.com/wp-content/uploads/2021/04/muebles-de-bano-en-Tarragona.jpg#breadcrumb","itemListElement":[{"@type":"ListItem","position":1,"name":"Portada","item":"https://www.moblesgallent.com/"},{"@type":"ListItem","position":2,"name":"Muebles de baño en Tarragona","item":"https://www.moblesgallent.com/muebles-bano-tarragona/"},{"@type":"ListItem","position":3,"name":"muebles de baño en Tarragona"}]},{"@type":"WebSite","@id":"https://www.moblesgallent.com/#website","url":"https://www.moblesgallent.com/","name":"Mobles Gallent | mobiliario de cocina | mobiliario de baño | mobiliario de salón | armarios | Reformas y diseños de interiores en Tarragona","description":"Otro sitio realizado con Soft Optimiza Digital Media Empresas","potentialAction":[{"@type":"SearchAction","target":{"@type":"EntryPoint","urlTemplate":"https://www.moblesgallent.com/?s={search_term_string}"},"query-input":{"@type":"PropertyValueSpecification","valueRequired":true,"valueName":"search_term_string"}}],"inLanguage":"ca"}]}</script>
<!-- / Yoast SEO plugin. -->

muebles de baño en Tarragona - Mobles Gallent | mobiliario de cocina | mobiliario de baño | mobiliario de salón | armarios | Reformas y diseños de interiores en Tarragona

Mobles Gallent | mobiliario de cocina | mobiliario de baño | mobiliario de salón | armarios | Reformas y diseños de interiores en Tarragona

Muebles de baño en Tarragona

<p class="attachment"><a href='https://www.moblesgallent.com/wp-content/uploads/2021/04/muebles-de-bano-en-Tarragona.jpg'><img decoding="async" width="300" height="217" data-src="https://www.moblesgallent.com/wp-content/uploads/2021/04/muebles-de-bano-en-Tarragona-300x217.jpg" class="attachment-medium size-medium lazyload" alt="muebles de baño en Tarragona" src="data:image/svg+xml;base64,PHN2ZyB3aWR0aD0iMSIgaGVpZ2h0PSIxIiB4bWxucz0iaHR0cDovL3d3dy53My5vcmcvMjAwMC9zdmciPjwvc3ZnPg==" style="--smush-placeholder-width: 300px; --smush-placeholder-aspect-ratio: 300/217;" /></a></p>
