{"id":290,"date":"2016-03-04T19:24:15","date_gmt":"2016-03-04T19:24:15","guid":{"rendered":"http:\/\/www.moblesgallent.com\/wp-content\/uploads\/2016\/02\/1armario.png"},"modified":"2016-03-04T19:26:16","modified_gmt":"2016-03-04T19:26:16","slug":"1armario","status":"inherit","type":"attachment","link":"https:\/\/www.moblesgallent.com\/ca\/muebles-de-cocina-tarragona\/1armario\/","title":{"rendered":"Armarios auxiliares Delta Artica"},"author":1,"featured_media":0,"comment_status":"open","ping_status":"closed","template":"","meta":{"_et_pb_use_builder":"","_et_pb_old_content":"","_et_gb_content_width":""},"class_list":["post-290","attachment","type-attachment","status-inherit","hentry"],"yoast_head":"<!-- This site is optimized with the Yoast SEO plugin v27.1.1 - https:\/\/yoast.com\/product\/yoast-seo-wordpress\/ -->\n<title>Armarios auxiliares Delta Artica - Mobles Gallent | mobiliario de cocina | mobiliario de ba\u00f1o | mobiliario de sal\u00f3n | armarios | Reformas y dise\u00f1os de interiores en Tarragona<\/title>\n<meta name=\"robots\" content=\"index, follow, max-snippet:-1, max-image-preview:large, max-video-preview:-1\" \/>\n<link rel=\"canonical\" href=\"https:\/\/www.moblesgallent.com\/wp-content\/uploads\/2016\/02\/1armario.png\" \/>\n<meta property=\"og:locale\" content=\"ca_ES\" \/>\n<meta property=\"og:type\" content=\"article\" \/>\n<meta property=\"og:title\" content=\"Armarios auxiliares Delta Artica - Mobles Gallent | mobiliario de cocina | mobiliario de ba\u00f1o | mobiliario de sal\u00f3n | armarios | Reformas y dise\u00f1os de interiores en Tarragona\" \/>\n<meta property=\"og:description\" content=\"Armarios auxiliares Delta Artica\" \/>\n<meta property=\"og:url\" content=\"https:\/\/www.moblesgallent.com\/wp-content\/uploads\/2016\/02\/1armario.png\" \/>\n<meta property=\"og:site_name\" content=\"Mobles Gallent | mobiliario de cocina | mobiliario de ba\u00f1o | mobiliario de sal\u00f3n | armarios | Reformas y dise\u00f1os de interiores en Tarragona\" \/>\n<meta property=\"article:modified_time\" content=\"2016-03-04T19:26:16+00:00\" \/>\n<meta property=\"og:image\" content=\"https:\/\/www.moblesgallent.com\/wp-content\/uploads\/2016\/02\/1armario.png\" \/>\n\t<meta property=\"og:image:width\" content=\"700\" \/>\n\t<meta property=\"og:image:height\" content=\"721\" \/>\n\t<meta property=\"og:image:type\" content=\"image\/png\" \/>\n<meta name=\"twitter:card\" content=\"summary_large_image\" \/>\n<script type=\"application\/ld+json\" class=\"yoast-schema-graph\">{\"@context\":\"https:\/\/schema.org\",\"@graph\":[{\"@type\":\"WebPage\",\"@id\":\"https:\/\/www.moblesgallent.com\/wp-content\/uploads\/2016\/02\/1armario.png\",\"url\":\"https:\/\/www.moblesgallent.com\/wp-content\/uploads\/2016\/02\/1armario.png\",\"name\":\"Armarios auxiliares Delta Artica - Mobles Gallent | mobiliario de cocina | mobiliario de ba\u00f1o | mobiliario de sal\u00f3n | armarios | Reformas y dise\u00f1os de interiores en Tarragona\",\"isPartOf\":{\"@id\":\"https:\/\/www.moblesgallent.com\/#website\"},\"datePublished\":\"2016-03-04T19:24:15+00:00\",\"dateModified\":\"2016-03-04T19:26:16+00:00\",\"breadcrumb\":{\"@id\":\"https:\/\/www.moblesgallent.com\/wp-content\/uploads\/2016\/02\/1armario.png#breadcrumb\"},\"inLanguage\":\"ca\",\"potentialAction\":[{\"@type\":\"ReadAction\",\"target\":[\"https:\/\/www.moblesgallent.com\/wp-content\/uploads\/2016\/02\/1armario.png\"]}]},{\"@type\":\"BreadcrumbList\",\"@id\":\"https:\/\/www.moblesgallent.com\/wp-content\/uploads\/2016\/02\/1armario.png#breadcrumb\",\"itemListElement\":[{\"@type\":\"ListItem\",\"position\":1,\"name\":\"Portada\",\"item\":\"https:\/\/www.moblesgallent.com\/\"},{\"@type\":\"ListItem\",\"position\":2,\"name\":\"Cocinas exclusivas\",\"item\":\"https:\/\/www.moblesgallent.com\/muebles-de-cocina-tarragona\/\"},{\"@type\":\"ListItem\",\"position\":3,\"name\":\"Armarios auxiliares Delta Artica\"}]},{\"@type\":\"WebSite\",\"@id\":\"https:\/\/www.moblesgallent.com\/#website\",\"url\":\"https:\/\/www.moblesgallent.com\/\",\"name\":\"Mobles Gallent | mobiliario de cocina | mobiliario de ba\u00f1o | mobiliario de sal\u00f3n | armarios | Reformas y dise\u00f1os de interiores en Tarragona\",\"description\":\"Otro sitio realizado con Soft Optimiza Digital Media Empresas\",\"potentialAction\":[{\"@type\":\"SearchAction\",\"target\":{\"@type\":\"EntryPoint\",\"urlTemplate\":\"https:\/\/www.moblesgallent.com\/?s={search_term_string}\"},\"query-input\":{\"@type\":\"PropertyValueSpecification\",\"valueRequired\":true,\"valueName\":\"search_term_string\"}}],\"inLanguage\":\"ca\"}]}<\/script>\n<!-- \/ Yoast SEO plugin. -->","yoast_head_json":{"title":"Armarios auxiliares Delta Artica - Mobles Gallent | mobiliario de cocina | mobiliario de ba\u00f1o | mobiliario de sal\u00f3n | armarios | Reformas y dise\u00f1os de interiores en Tarragona","robots":{"index":"index","follow":"follow","max-snippet":"max-snippet:-1","max-image-preview":"max-image-preview:large","max-video-preview":"max-video-preview:-1"},"canonical":"https:\/\/www.moblesgallent.com\/wp-content\/uploads\/2016\/02\/1armario.png","og_locale":"ca_ES","og_type":"article","og_title":"Armarios auxiliares Delta Artica - Mobles Gallent | mobiliario de cocina | mobiliario de ba\u00f1o | mobiliario de sal\u00f3n | armarios | Reformas y dise\u00f1os de interiores en Tarragona","og_description":"Armarios auxiliares Delta Artica","og_url":"https:\/\/www.moblesgallent.com\/wp-content\/uploads\/2016\/02\/1armario.png","og_site_name":"Mobles Gallent | mobiliario de cocina | mobiliario de ba\u00f1o | mobiliario de sal\u00f3n | armarios | Reformas y dise\u00f1os de interiores en Tarragona","article_modified_time":"2016-03-04T19:26:16+00:00","og_image":[{"width":700,"height":721,"url":"https:\/\/www.moblesgallent.com\/wp-content\/uploads\/2016\/02\/1armario.png","type":"image\/png"}],"twitter_card":"summary_large_image","schema":{"@context":"https:\/\/schema.org","@graph":[{"@type":"WebPage","@id":"https:\/\/www.moblesgallent.com\/wp-content\/uploads\/2016\/02\/1armario.png","url":"https:\/\/www.moblesgallent.com\/wp-content\/uploads\/2016\/02\/1armario.png","name":"Armarios auxiliares Delta Artica - Mobles Gallent | mobiliario de cocina | mobiliario de ba\u00f1o | mobiliario de sal\u00f3n | armarios | Reformas y dise\u00f1os de interiores en Tarragona","isPartOf":{"@id":"https:\/\/www.moblesgallent.com\/#website"},"datePublished":"2016-03-04T19:24:15+00:00","dateModified":"2016-03-04T19:26:16+00:00","breadcrumb":{"@id":"https:\/\/www.moblesgallent.com\/wp-content\/uploads\/2016\/02\/1armario.png#breadcrumb"},"inLanguage":"ca","potentialAction":[{"@type":"ReadAction","target":["https:\/\/www.moblesgallent.com\/wp-content\/uploads\/2016\/02\/1armario.png"]}]},{"@type":"BreadcrumbList","@id":"https:\/\/www.moblesgallent.com\/wp-content\/uploads\/2016\/02\/1armario.png#breadcrumb","itemListElement":[{"@type":"ListItem","position":1,"name":"Portada","item":"https:\/\/www.moblesgallent.com\/"},{"@type":"ListItem","position":2,"name":"Cocinas exclusivas","item":"https:\/\/www.moblesgallent.com\/muebles-de-cocina-tarragona\/"},{"@type":"ListItem","position":3,"name":"Armarios auxiliares Delta Artica"}]},{"@type":"WebSite","@id":"https:\/\/www.moblesgallent.com\/#website","url":"https:\/\/www.moblesgallent.com\/","name":"Mobles Gallent | mobiliario de cocina | mobiliario de ba\u00f1o | mobiliario de sal\u00f3n | armarios | Reformas y dise\u00f1os de interiores en Tarragona","description":"Otro sitio realizado con Soft Optimiza Digital Media Empresas","potentialAction":[{"@type":"SearchAction","target":{"@type":"EntryPoint","urlTemplate":"https:\/\/www.moblesgallent.com\/?s={search_term_string}"},"query-input":{"@type":"PropertyValueSpecification","valueRequired":true,"valueName":"search_term_string"}}],"inLanguage":"ca"}]}},"smush":{"stats":{"percent":0,"bytes":0,"size_before":858813,"size_after":858813,"time":1.06,"api_version":"1.0","lossy":false,"keep_exif":0},"sizes":{"thumbnail":{"percent":0,"bytes":0,"size_before":30353,"size_after":30353,"time":0.03},"medium":{"percent":0,"bytes":0,"size_before":105243,"size_after":105243,"time":0.13},"et-pb-post-main-image":{"percent":0,"bytes":0,"size_before":117065,"size_after":117065,"time":0.18},"et-pb-post-main-image-fullwidth":{"percent":0,"bytes":0,"size_before":479085,"size_after":479085,"time":0.59},"et-pb-portfolio-image":{"percent":0,"bytes":0,"size_before":127067,"size_after":127067,"time":0.13}}},"description":{"rendered":"<p class=\"attachment\"><a href='https:\/\/www.moblesgallent.com\/wp-content\/uploads\/2016\/02\/1armario.png'><img decoding=\"async\" width=\"291\" height=\"300\" data-src=\"https:\/\/www.moblesgallent.com\/wp-content\/uploads\/2016\/02\/1armario-291x300.png\" class=\"attachment-medium size-medium lazyload\" alt=\"Armarios auxiliares Delta Artica\" data-srcset=\"https:\/\/www.moblesgallent.com\/wp-content\/uploads\/2016\/02\/1armario-291x300.png 291w,  https:\/\/www.moblesgallent.com\/wp-content\/uploads\/2016\/02\/1armario.png 700w\" data-sizes=\"(max-width: 291px) 100vw, 291px\" src=\"data:image\/svg+xml;base64,PHN2ZyB3aWR0aD0iMSIgaGVpZ2h0PSIxIiB4bWxucz0iaHR0cDovL3d3dy53My5vcmcvMjAwMC9zdmciPjwvc3ZnPg==\" style=\"--smush-placeholder-width: 291px; --smush-placeholder-aspect-ratio: 291\/300;\" \/><\/a><\/p>\n<p>Armarios auxiliares Delta Artica<\/p>"},"caption":{"rendered":"<p>Armarios auxiliares Delta Artica<\/p>"},"alt_text":"Armarios auxiliares Delta Artica","media_type":"image","mime_type":"image\/png","media_details":{"width":700,"height":721,"file":"2016\/02\/1armario.png","sizes":{"thumbnail":{"file":"1armario-150x150.png","width":150,"height":150,"mime_type":"image\/png","source_url":"https:\/\/www.moblesgallent.com\/wp-content\/uploads\/2016\/02\/1armario-150x150.png"},"medium":{"file":"1armario-291x300.png","width":291,"height":300,"mime_type":"image\/png","source_url":"https:\/\/www.moblesgallent.com\/wp-content\/uploads\/2016\/02\/1armario-291x300.png"},"et-pb-post-main-image":{"file":"1armario-400x250.png","width":400,"height":250,"mime_type":"image\/png","source_url":"https:\/\/www.moblesgallent.com\/wp-content\/uploads\/2016\/02\/1armario-400x250.png"},"et-pb-post-main-image-fullwidth":{"file":"1armario-700x675.png","width":700,"height":675,"mime_type":"image\/png","source_url":"https:\/\/www.moblesgallent.com\/wp-content\/uploads\/2016\/02\/1armario-700x675.png"},"et-pb-portfolio-image":{"file":"1armario-400x284.png","width":400,"height":284,"mime_type":"image\/png","source_url":"https:\/\/www.moblesgallent.com\/wp-content\/uploads\/2016\/02\/1armario-400x284.png"},"full":{"file":"1armario.png","width":700,"height":721,"mime_type":"image\/png","source_url":"https:\/\/www.moblesgallent.com\/wp-content\/uploads\/2016\/02\/1armario.png"}},"image_meta":{"aperture":"0","credit":"","camera":"","caption":"","created_timestamp":"0","copyright":"","focal_length":"0","iso":"0","shutter_speed":"0","title":"","orientation":"0","keywords":[]}},"post":214,"source_url":"https:\/\/www.moblesgallent.com\/wp-content\/uploads\/2016\/02\/1armario.png","_links":{"self":[{"href":"https:\/\/www.moblesgallent.com\/ca\/wp-json\/wp\/v2\/media\/290","targetHints":{"allow":["GET"]}}],"collection":[{"href":"https:\/\/www.moblesgallent.com\/ca\/wp-json\/wp\/v2\/media"}],"about":[{"href":"https:\/\/www.moblesgallent.com\/ca\/wp-json\/wp\/v2\/types\/attachment"}],"author":[{"embeddable":true,"href":"https:\/\/www.moblesgallent.com\/ca\/wp-json\/wp\/v2\/users\/1"}],"replies":[{"embeddable":true,"href":"https:\/\/www.moblesgallent.com\/ca\/wp-json\/wp\/v2\/comments?post=290"}],"wp:attached-to":[{"embeddable":true,"post_type":"page","id":214,"href":"https:\/\/www.moblesgallent.com\/ca\/wp-json\/wp\/v2\/pages\/214"}],"curies":[{"name":"wp","href":"https:\/\/api.w.org\/{rel}","templated":true}]}}

<!-- This site is optimized with the Yoast SEO plugin v27.1.1 - https://yoast.com/product/yoast-seo-wordpress/ -->
<title>Armarios auxiliares Delta Artica - Mobles Gallent | mobiliario de cocina | mobiliario de baño | mobiliario de salón | armarios | Reformas y diseños de interiores en Tarragona</title>
<meta name="robots" content="index, follow, max-snippet:-1, max-image-preview:large, max-video-preview:-1" />
<link rel="canonical" href="https://www.moblesgallent.com/wp-content/uploads/2016/02/1armario.png" />
<meta property="og:locale" content="ca_ES" />
<meta property="og:type" content="article" />
<meta property="og:title" content="Armarios auxiliares Delta Artica - Mobles Gallent | mobiliario de cocina | mobiliario de baño | mobiliario de salón | armarios | Reformas y diseños de interiores en Tarragona" />
<meta property="og:description" content="Armarios auxiliares Delta Artica" />
<meta property="og:url" content="https://www.moblesgallent.com/wp-content/uploads/2016/02/1armario.png" />
<meta property="og:site_name" content="Mobles Gallent | mobiliario de cocina | mobiliario de baño | mobiliario de salón | armarios | Reformas y diseños de interiores en Tarragona" />
<meta property="article:modified_time" content="2016-03-04T19:26:16+00:00" />
<meta property="og:image" content="https://www.moblesgallent.com/wp-content/uploads/2016/02/1armario.png" />
	<meta property="og:image:width" content="700" />
	<meta property="og:image:height" content="721" />
	<meta property="og:image:type" content="image/png" />
<meta name="twitter:card" content="summary_large_image" />
<script type="application/ld+json" class="yoast-schema-graph">{"@context":"https://schema.org","@graph":[{"@type":"WebPage","@id":"https://www.moblesgallent.com/wp-content/uploads/2016/02/1armario.png","url":"https://www.moblesgallent.com/wp-content/uploads/2016/02/1armario.png","name":"Armarios auxiliares Delta Artica - Mobles Gallent | mobiliario de cocina | mobiliario de baño | mobiliario de salón | armarios | Reformas y diseños de interiores en Tarragona","isPartOf":{"@id":"https://www.moblesgallent.com/#website"},"datePublished":"2016-03-04T19:24:15+00:00","dateModified":"2016-03-04T19:26:16+00:00","breadcrumb":{"@id":"https://www.moblesgallent.com/wp-content/uploads/2016/02/1armario.png#breadcrumb"},"inLanguage":"ca","potentialAction":[{"@type":"ReadAction","target":["https://www.moblesgallent.com/wp-content/uploads/2016/02/1armario.png"]}]},{"@type":"BreadcrumbList","@id":"https://www.moblesgallent.com/wp-content/uploads/2016/02/1armario.png#breadcrumb","itemListElement":[{"@type":"ListItem","position":1,"name":"Portada","item":"https://www.moblesgallent.com/"},{"@type":"ListItem","position":2,"name":"Cocinas exclusivas","item":"https://www.moblesgallent.com/muebles-de-cocina-tarragona/"},{"@type":"ListItem","position":3,"name":"Armarios auxiliares Delta Artica"}]},{"@type":"WebSite","@id":"https://www.moblesgallent.com/#website","url":"https://www.moblesgallent.com/","name":"Mobles Gallent | mobiliario de cocina | mobiliario de baño | mobiliario de salón | armarios | Reformas y diseños de interiores en Tarragona","description":"Otro sitio realizado con Soft Optimiza Digital Media Empresas","potentialAction":[{"@type":"SearchAction","target":{"@type":"EntryPoint","urlTemplate":"https://www.moblesgallent.com/?s={search_term_string}"},"query-input":{"@type":"PropertyValueSpecification","valueRequired":true,"valueName":"search_term_string"}}],"inLanguage":"ca"}]}</script>
<!-- / Yoast SEO plugin. -->

Armarios auxiliares Delta Artica - Mobles Gallent | mobiliario de cocina | mobiliario de baño | mobiliario de salón | armarios | Reformas y diseños de interiores en Tarragona

Mobles Gallent | mobiliario de cocina | mobiliario de baño | mobiliario de salón | armarios | Reformas y diseños de interiores en Tarragona
