{"id":255,"date":"2016-03-04T13:25:04","date_gmt":"2016-03-04T13:25:04","guid":{"rendered":"http:\/\/www.moblesgallent.com\/wp-content\/uploads\/2016\/02\/collage.png"},"modified":"2016-03-04T13:25:59","modified_gmt":"2016-03-04T13:25:59","slug":"collage","status":"inherit","type":"attachment","link":"https:\/\/www.moblesgallent.com\/ca\/quienes-somos\/collage\/","title":{"rendered":"Cocinas | Ba\u00f1os | salones  Mobles Gallent"},"author":1,"featured_media":0,"comment_status":"open","ping_status":"closed","template":"","meta":{"_et_pb_use_builder":"","_et_pb_old_content":"","_et_gb_content_width":""},"class_list":["post-255","attachment","type-attachment","status-inherit","hentry"],"yoast_head":"<!-- This site is optimized with the Yoast SEO plugin v27.1.1 - https:\/\/yoast.com\/product\/yoast-seo-wordpress\/ -->\n<title>Cocinas | Ba\u00f1os | salones Mobles Gallent - Mobles Gallent | mobiliario de cocina | mobiliario de ba\u00f1o | mobiliario de sal\u00f3n | armarios | Reformas y dise\u00f1os de interiores en Tarragona<\/title>\n<meta name=\"robots\" content=\"index, follow, max-snippet:-1, max-image-preview:large, max-video-preview:-1\" \/>\n<link rel=\"canonical\" href=\"https:\/\/www.moblesgallent.com\/wp-content\/uploads\/2016\/02\/collage.png\" \/>\n<meta property=\"og:locale\" content=\"ca_ES\" \/>\n<meta property=\"og:type\" content=\"article\" \/>\n<meta property=\"og:title\" content=\"Cocinas | Ba\u00f1os | salones Mobles Gallent - Mobles Gallent | mobiliario de cocina | mobiliario de ba\u00f1o | mobiliario de sal\u00f3n | armarios | Reformas y dise\u00f1os de interiores en Tarragona\" \/>\n<meta property=\"og:description\" content=\"Cocinas | Ba\u00f1os | salones Mobles Gallent\" \/>\n<meta property=\"og:url\" content=\"https:\/\/www.moblesgallent.com\/wp-content\/uploads\/2016\/02\/collage.png\" \/>\n<meta property=\"og:site_name\" content=\"Mobles Gallent | mobiliario de cocina | mobiliario de ba\u00f1o | mobiliario de sal\u00f3n | armarios | Reformas y dise\u00f1os de interiores en Tarragona\" \/>\n<meta property=\"article:modified_time\" content=\"2016-03-04T13:25:59+00:00\" \/>\n<meta property=\"og:image\" content=\"https:\/\/www.moblesgallent.com\/wp-content\/uploads\/2016\/02\/collage.png\" \/>\n\t<meta property=\"og:image:width\" content=\"600\" \/>\n\t<meta property=\"og:image:height\" content=\"939\" \/>\n\t<meta property=\"og:image:type\" content=\"image\/png\" \/>\n<meta name=\"twitter:card\" content=\"summary_large_image\" \/>\n<script type=\"application\/ld+json\" class=\"yoast-schema-graph\">{\"@context\":\"https:\/\/schema.org\",\"@graph\":[{\"@type\":\"WebPage\",\"@id\":\"https:\/\/www.moblesgallent.com\/wp-content\/uploads\/2016\/02\/collage.png\",\"url\":\"https:\/\/www.moblesgallent.com\/wp-content\/uploads\/2016\/02\/collage.png\",\"name\":\"Cocinas | Ba\u00f1os | salones Mobles Gallent - Mobles Gallent | mobiliario de cocina | mobiliario de ba\u00f1o | mobiliario de sal\u00f3n | armarios | Reformas y dise\u00f1os de interiores en Tarragona\",\"isPartOf\":{\"@id\":\"https:\/\/www.moblesgallent.com\/#website\"},\"datePublished\":\"2016-03-04T13:25:04+00:00\",\"dateModified\":\"2016-03-04T13:25:59+00:00\",\"breadcrumb\":{\"@id\":\"https:\/\/www.moblesgallent.com\/wp-content\/uploads\/2016\/02\/collage.png#breadcrumb\"},\"inLanguage\":\"ca\",\"potentialAction\":[{\"@type\":\"ReadAction\",\"target\":[\"https:\/\/www.moblesgallent.com\/wp-content\/uploads\/2016\/02\/collage.png\"]}]},{\"@type\":\"BreadcrumbList\",\"@id\":\"https:\/\/www.moblesgallent.com\/wp-content\/uploads\/2016\/02\/collage.png#breadcrumb\",\"itemListElement\":[{\"@type\":\"ListItem\",\"position\":1,\"name\":\"Portada\",\"item\":\"https:\/\/www.moblesgallent.com\/\"},{\"@type\":\"ListItem\",\"position\":2,\"name\":\"Quienes somos\",\"item\":\"https:\/\/www.moblesgallent.com\/quienes-somos\/\"},{\"@type\":\"ListItem\",\"position\":3,\"name\":\"Cocinas | Ba\u00f1os | salones Mobles Gallent\"}]},{\"@type\":\"WebSite\",\"@id\":\"https:\/\/www.moblesgallent.com\/#website\",\"url\":\"https:\/\/www.moblesgallent.com\/\",\"name\":\"Mobles Gallent | mobiliario de cocina | mobiliario de ba\u00f1o | mobiliario de sal\u00f3n | armarios | Reformas y dise\u00f1os de interiores en Tarragona\",\"description\":\"Otro sitio realizado con Soft Optimiza Digital Media Empresas\",\"potentialAction\":[{\"@type\":\"SearchAction\",\"target\":{\"@type\":\"EntryPoint\",\"urlTemplate\":\"https:\/\/www.moblesgallent.com\/?s={search_term_string}\"},\"query-input\":{\"@type\":\"PropertyValueSpecification\",\"valueRequired\":true,\"valueName\":\"search_term_string\"}}],\"inLanguage\":\"ca\"}]}<\/script>\n<!-- \/ Yoast SEO plugin. -->","yoast_head_json":{"title":"Cocinas | Ba\u00f1os | salones Mobles Gallent - Mobles Gallent | mobiliario de cocina | mobiliario de ba\u00f1o | mobiliario de sal\u00f3n | armarios | Reformas y dise\u00f1os de interiores en Tarragona","robots":{"index":"index","follow":"follow","max-snippet":"max-snippet:-1","max-image-preview":"max-image-preview:large","max-video-preview":"max-video-preview:-1"},"canonical":"https:\/\/www.moblesgallent.com\/wp-content\/uploads\/2016\/02\/collage.png","og_locale":"ca_ES","og_type":"article","og_title":"Cocinas | Ba\u00f1os | salones Mobles Gallent - Mobles Gallent | mobiliario de cocina | mobiliario de ba\u00f1o | mobiliario de sal\u00f3n | armarios | Reformas y dise\u00f1os de interiores en Tarragona","og_description":"Cocinas | Ba\u00f1os | salones Mobles Gallent","og_url":"https:\/\/www.moblesgallent.com\/wp-content\/uploads\/2016\/02\/collage.png","og_site_name":"Mobles Gallent | mobiliario de cocina | mobiliario de ba\u00f1o | mobiliario de sal\u00f3n | armarios | Reformas y dise\u00f1os de interiores en Tarragona","article_modified_time":"2016-03-04T13:25:59+00:00","og_image":[{"width":600,"height":939,"url":"https:\/\/www.moblesgallent.com\/wp-content\/uploads\/2016\/02\/collage.png","type":"image\/png"}],"twitter_card":"summary_large_image","schema":{"@context":"https:\/\/schema.org","@graph":[{"@type":"WebPage","@id":"https:\/\/www.moblesgallent.com\/wp-content\/uploads\/2016\/02\/collage.png","url":"https:\/\/www.moblesgallent.com\/wp-content\/uploads\/2016\/02\/collage.png","name":"Cocinas | Ba\u00f1os | salones Mobles Gallent - Mobles Gallent | mobiliario de cocina | mobiliario de ba\u00f1o | mobiliario de sal\u00f3n | armarios | Reformas y dise\u00f1os de interiores en Tarragona","isPartOf":{"@id":"https:\/\/www.moblesgallent.com\/#website"},"datePublished":"2016-03-04T13:25:04+00:00","dateModified":"2016-03-04T13:25:59+00:00","breadcrumb":{"@id":"https:\/\/www.moblesgallent.com\/wp-content\/uploads\/2016\/02\/collage.png#breadcrumb"},"inLanguage":"ca","potentialAction":[{"@type":"ReadAction","target":["https:\/\/www.moblesgallent.com\/wp-content\/uploads\/2016\/02\/collage.png"]}]},{"@type":"BreadcrumbList","@id":"https:\/\/www.moblesgallent.com\/wp-content\/uploads\/2016\/02\/collage.png#breadcrumb","itemListElement":[{"@type":"ListItem","position":1,"name":"Portada","item":"https:\/\/www.moblesgallent.com\/"},{"@type":"ListItem","position":2,"name":"Quienes somos","item":"https:\/\/www.moblesgallent.com\/quienes-somos\/"},{"@type":"ListItem","position":3,"name":"Cocinas | Ba\u00f1os | salones Mobles Gallent"}]},{"@type":"WebSite","@id":"https:\/\/www.moblesgallent.com\/#website","url":"https:\/\/www.moblesgallent.com\/","name":"Mobles Gallent | mobiliario de cocina | mobiliario de ba\u00f1o | mobiliario de sal\u00f3n | armarios | Reformas y dise\u00f1os de interiores en Tarragona","description":"Otro sitio realizado con Soft Optimiza Digital Media Empresas","potentialAction":[{"@type":"SearchAction","target":{"@type":"EntryPoint","urlTemplate":"https:\/\/www.moblesgallent.com\/?s={search_term_string}"},"query-input":{"@type":"PropertyValueSpecification","valueRequired":true,"valueName":"search_term_string"}}],"inLanguage":"ca"}]}},"smush":{"stats":{"percent":0,"bytes":0,"size_before":654382,"size_after":654382,"time":0.7300000000000001,"api_version":"1.0","lossy":false,"keep_exif":0},"sizes":{"thumbnail":{"percent":0,"bytes":0,"size_before":29328,"size_after":29328,"time":0.05},"medium":{"percent":0,"bytes":0,"size_before":65161,"size_after":65161,"time":0.13},"et-pb-post-main-image":{"percent":0,"bytes":0,"size_before":97340,"size_after":97340,"time":0.1},"et-pb-post-main-image-fullwidth":{"percent":0,"bytes":0,"size_before":353713,"size_after":353713,"time":0.34},"et-pb-portfolio-image":{"percent":0,"bytes":0,"size_before":108840,"size_after":108840,"time":0.11}}},"description":{"rendered":"<p class=\"attachment\"><a href='https:\/\/www.moblesgallent.com\/wp-content\/uploads\/2016\/02\/collage.png'><img decoding=\"async\" width=\"192\" height=\"300\" data-src=\"https:\/\/www.moblesgallent.com\/wp-content\/uploads\/2016\/02\/collage-192x300.png\" class=\"attachment-medium size-medium lazyload\" alt=\"Cocinas | Ba\u00f1os | salones Mobles Gallent\" data-srcset=\"https:\/\/www.moblesgallent.com\/wp-content\/uploads\/2016\/02\/collage-192x300.png 192w,  https:\/\/www.moblesgallent.com\/wp-content\/uploads\/2016\/02\/collage.png 600w\" data-sizes=\"(max-width: 192px) 100vw, 192px\" src=\"data:image\/svg+xml;base64,PHN2ZyB3aWR0aD0iMSIgaGVpZ2h0PSIxIiB4bWxucz0iaHR0cDovL3d3dy53My5vcmcvMjAwMC9zdmciPjwvc3ZnPg==\" style=\"--smush-placeholder-width: 192px; --smush-placeholder-aspect-ratio: 192\/300;\" \/><\/a><\/p>\n<p>Cocinas | Ba\u00f1os | salones  Mobles Gallent<\/p>"},"caption":{"rendered":"<p>Cocinas | Ba\u00f1os | salones  Mobles Gallent<\/p>"},"alt_text":"Cocinas | Ba\u00f1os | salones Mobles Gallent","media_type":"image","mime_type":"image\/png","media_details":{"width":600,"height":939,"file":"2016\/02\/collage.png","sizes":{"thumbnail":{"file":"collage-150x150.png","width":150,"height":150,"mime_type":"image\/png","source_url":"https:\/\/www.moblesgallent.com\/wp-content\/uploads\/2016\/02\/collage-150x150.png"},"medium":{"file":"collage-192x300.png","width":192,"height":300,"mime_type":"image\/png","source_url":"https:\/\/www.moblesgallent.com\/wp-content\/uploads\/2016\/02\/collage-192x300.png"},"et-pb-post-main-image":{"file":"collage-400x250.png","width":400,"height":250,"mime_type":"image\/png","source_url":"https:\/\/www.moblesgallent.com\/wp-content\/uploads\/2016\/02\/collage-400x250.png"},"et-pb-post-main-image-fullwidth":{"file":"collage-600x675.png","width":600,"height":675,"mime_type":"image\/png","source_url":"https:\/\/www.moblesgallent.com\/wp-content\/uploads\/2016\/02\/collage-600x675.png"},"et-pb-portfolio-image":{"file":"collage-400x284.png","width":400,"height":284,"mime_type":"image\/png","source_url":"https:\/\/www.moblesgallent.com\/wp-content\/uploads\/2016\/02\/collage-400x284.png"},"full":{"file":"collage.png","width":600,"height":939,"mime_type":"image\/png","source_url":"https:\/\/www.moblesgallent.com\/wp-content\/uploads\/2016\/02\/collage.png"}},"image_meta":{"aperture":"0","credit":"","camera":"","caption":"","created_timestamp":"0","copyright":"","focal_length":"0","iso":"0","shutter_speed":"0","title":"","orientation":"0","keywords":[]}},"post":212,"source_url":"https:\/\/www.moblesgallent.com\/wp-content\/uploads\/2016\/02\/collage.png","_links":{"self":[{"href":"https:\/\/www.moblesgallent.com\/ca\/wp-json\/wp\/v2\/media\/255","targetHints":{"allow":["GET"]}}],"collection":[{"href":"https:\/\/www.moblesgallent.com\/ca\/wp-json\/wp\/v2\/media"}],"about":[{"href":"https:\/\/www.moblesgallent.com\/ca\/wp-json\/wp\/v2\/types\/attachment"}],"author":[{"embeddable":true,"href":"https:\/\/www.moblesgallent.com\/ca\/wp-json\/wp\/v2\/users\/1"}],"replies":[{"embeddable":true,"href":"https:\/\/www.moblesgallent.com\/ca\/wp-json\/wp\/v2\/comments?post=255"}],"wp:attached-to":[{"embeddable":true,"post_type":"page","id":212,"href":"https:\/\/www.moblesgallent.com\/ca\/wp-json\/wp\/v2\/pages\/212"}],"curies":[{"name":"wp","href":"https:\/\/api.w.org\/{rel}","templated":true}]}}

Cocinas | Baños | salones  Mobles Gallent

<!-- This site is optimized with the Yoast SEO plugin v27.1.1 - https://yoast.com/product/yoast-seo-wordpress/ -->
<title>Cocinas | Baños | salones Mobles Gallent - Mobles Gallent | mobiliario de cocina | mobiliario de baño | mobiliario de salón | armarios | Reformas y diseños de interiores en Tarragona</title>
<meta name="robots" content="index, follow, max-snippet:-1, max-image-preview:large, max-video-preview:-1" />
<link rel="canonical" href="https://www.moblesgallent.com/wp-content/uploads/2016/02/collage.png" />
<meta property="og:locale" content="ca_ES" />
<meta property="og:type" content="article" />
<meta property="og:title" content="Cocinas | Baños | salones Mobles Gallent - Mobles Gallent | mobiliario de cocina | mobiliario de baño | mobiliario de salón | armarios | Reformas y diseños de interiores en Tarragona" />
<meta property="og:description" content="Cocinas | Baños | salones Mobles Gallent" />
<meta property="og:url" content="https://www.moblesgallent.com/wp-content/uploads/2016/02/collage.png" />
<meta property="og:site_name" content="Mobles Gallent | mobiliario de cocina | mobiliario de baño | mobiliario de salón | armarios | Reformas y diseños de interiores en Tarragona" />
<meta property="article:modified_time" content="2016-03-04T13:25:59+00:00" />
<meta property="og:image" content="https://www.moblesgallent.com/wp-content/uploads/2016/02/collage.png" />
	<meta property="og:image:width" content="600" />
	<meta property="og:image:height" content="939" />
	<meta property="og:image:type" content="image/png" />
<meta name="twitter:card" content="summary_large_image" />
<script type="application/ld+json" class="yoast-schema-graph">{"@context":"https://schema.org","@graph":[{"@type":"WebPage","@id":"https://www.moblesgallent.com/wp-content/uploads/2016/02/collage.png","url":"https://www.moblesgallent.com/wp-content/uploads/2016/02/collage.png","name":"Cocinas | Baños | salones Mobles Gallent - Mobles Gallent | mobiliario de cocina | mobiliario de baño | mobiliario de salón | armarios | Reformas y diseños de interiores en Tarragona","isPartOf":{"@id":"https://www.moblesgallent.com/#website"},"datePublished":"2016-03-04T13:25:04+00:00","dateModified":"2016-03-04T13:25:59+00:00","breadcrumb":{"@id":"https://www.moblesgallent.com/wp-content/uploads/2016/02/collage.png#breadcrumb"},"inLanguage":"ca","potentialAction":[{"@type":"ReadAction","target":["https://www.moblesgallent.com/wp-content/uploads/2016/02/collage.png"]}]},{"@type":"BreadcrumbList","@id":"https://www.moblesgallent.com/wp-content/uploads/2016/02/collage.png#breadcrumb","itemListElement":[{"@type":"ListItem","position":1,"name":"Portada","item":"https://www.moblesgallent.com/"},{"@type":"ListItem","position":2,"name":"Quienes somos","item":"https://www.moblesgallent.com/quienes-somos/"},{"@type":"ListItem","position":3,"name":"Cocinas | Baños | salones Mobles Gallent"}]},{"@type":"WebSite","@id":"https://www.moblesgallent.com/#website","url":"https://www.moblesgallent.com/","name":"Mobles Gallent | mobiliario de cocina | mobiliario de baño | mobiliario de salón | armarios | Reformas y diseños de interiores en Tarragona","description":"Otro sitio realizado con Soft Optimiza Digital Media Empresas","potentialAction":[{"@type":"SearchAction","target":{"@type":"EntryPoint","urlTemplate":"https://www.moblesgallent.com/?s={search_term_string}"},"query-input":{"@type":"PropertyValueSpecification","valueRequired":true,"valueName":"search_term_string"}}],"inLanguage":"ca"}]}</script>
<!-- / Yoast SEO plugin. -->

Cocinas | Baños | salones Mobles Gallent - Mobles Gallent | mobiliario de cocina | mobiliario de baño | mobiliario de salón | armarios | Reformas y diseños de interiores en Tarragona

Cocinas | Baños | salones Mobles Gallent

Mobles Gallent | mobiliario de cocina | mobiliario de baño | mobiliario de salón | armarios | Reformas y diseños de interiores en Tarragona

<p class="attachment"><a href='https://www.moblesgallent.com/wp-content/uploads/2016/02/collage.png'><img decoding="async" width="192" height="300" data-src="https://www.moblesgallent.com/wp-content/uploads/2016/02/collage-192x300.png" class="attachment-medium size-medium lazyload" alt="Cocinas | Baños | salones Mobles Gallent" data-srcset="https://www.moblesgallent.com/wp-content/uploads/2016/02/collage-192x300.png 192w,  https://www.moblesgallent.com/wp-content/uploads/2016/02/collage.png 600w" data-sizes="(max-width: 192px) 100vw, 192px" src="data:image/svg+xml;base64,PHN2ZyB3aWR0aD0iMSIgaGVpZ2h0PSIxIiB4bWxucz0iaHR0cDovL3d3dy53My5vcmcvMjAwMC9zdmciPjwvc3ZnPg==" style="--smush-placeholder-width: 192px; --smush-placeholder-aspect-ratio: 192/300;" /></a></p>
<p>Cocinas | Baños | salones  Mobles Gallent</p>

<p>Cocinas | Baños | salones  Mobles Gallent</p>
