{"id":1978,"date":"2024-01-22T11:22:16","date_gmt":"2024-01-22T11:22:16","guid":{"rendered":"https:\/\/www.moblesgallent.com\/wp-content\/uploads\/2024\/01\/muebles-emblematicos-de-la-historia.webp"},"modified":"2024-01-22T11:22:19","modified_gmt":"2024-01-22T11:22:19","slug":"muebles-emblematicos-de-la-historia-2","status":"inherit","type":"attachment","link":"https:\/\/www.moblesgallent.com\/ca\/muebles-emblematicos-de-la-historia\/muebles-emblematicos-de-la-historia-2\/","title":{"rendered":"muebles-emblematicos-de-la-historia"},"author":1,"featured_media":0,"comment_status":"open","ping_status":"closed","template":"","meta":{"_et_pb_use_builder":"","_et_pb_old_content":"","_et_gb_content_width":""},"class_list":["post-1978","attachment","type-attachment","status-inherit","hentry"],"yoast_head":"<!-- This site is optimized with the Yoast SEO plugin v27.1.1 - https:\/\/yoast.com\/product\/yoast-seo-wordpress\/ -->\n<title>muebles-emblematicos-de-la-historia - Mobles Gallent | mobiliario de cocina | mobiliario de ba\u00f1o | mobiliario de sal\u00f3n | armarios | Reformas y dise\u00f1os de interiores en Tarragona<\/title>\n<meta name=\"robots\" content=\"index, follow, max-snippet:-1, max-image-preview:large, max-video-preview:-1\" \/>\n<link rel=\"canonical\" href=\"https:\/\/www.moblesgallent.com\/wp-content\/uploads\/2024\/01\/muebles-emblematicos-de-la-historia.webp\" \/>\n<meta property=\"og:locale\" content=\"ca_ES\" \/>\n<meta property=\"og:type\" content=\"article\" \/>\n<meta property=\"og:title\" content=\"muebles-emblematicos-de-la-historia - Mobles Gallent | mobiliario de cocina | mobiliario de ba\u00f1o | mobiliario de sal\u00f3n | armarios | Reformas y dise\u00f1os de interiores en Tarragona\" \/>\n<meta property=\"og:url\" content=\"https:\/\/www.moblesgallent.com\/wp-content\/uploads\/2024\/01\/muebles-emblematicos-de-la-historia.webp\" \/>\n<meta property=\"og:site_name\" content=\"Mobles Gallent | mobiliario de cocina | mobiliario de ba\u00f1o | mobiliario de sal\u00f3n | armarios | Reformas y dise\u00f1os de interiores en Tarragona\" \/>\n<meta property=\"article:modified_time\" content=\"2024-01-22T11:22:19+00:00\" \/>\n<meta property=\"og:image\" content=\"https:\/\/www.moblesgallent.com\/wp-content\/uploads\/2024\/01\/muebles-emblematicos-de-la-historia.webp\" \/>\n\t<meta property=\"og:image:width\" content=\"1380\" \/>\n\t<meta property=\"og:image:height\" content=\"800\" \/>\n\t<meta property=\"og:image:type\" content=\"image\/webp\" \/>\n<meta name=\"twitter:card\" content=\"summary_large_image\" \/>\n<script type=\"application\/ld+json\" class=\"yoast-schema-graph\">{\"@context\":\"https:\/\/schema.org\",\"@graph\":[{\"@type\":\"WebPage\",\"@id\":\"https:\/\/www.moblesgallent.com\/wp-content\/uploads\/2024\/01\/muebles-emblematicos-de-la-historia.webp\",\"url\":\"https:\/\/www.moblesgallent.com\/wp-content\/uploads\/2024\/01\/muebles-emblematicos-de-la-historia.webp\",\"name\":\"muebles-emblematicos-de-la-historia - Mobles Gallent | mobiliario de cocina | mobiliario de ba\u00f1o | mobiliario de sal\u00f3n | armarios | Reformas y dise\u00f1os de interiores en Tarragona\",\"isPartOf\":{\"@id\":\"https:\/\/www.moblesgallent.com\/#website\"},\"datePublished\":\"2024-01-22T11:22:16+00:00\",\"dateModified\":\"2024-01-22T11:22:19+00:00\",\"breadcrumb\":{\"@id\":\"https:\/\/www.moblesgallent.com\/wp-content\/uploads\/2024\/01\/muebles-emblematicos-de-la-historia.webp#breadcrumb\"},\"inLanguage\":\"ca\",\"potentialAction\":[{\"@type\":\"ReadAction\",\"target\":[\"https:\/\/www.moblesgallent.com\/wp-content\/uploads\/2024\/01\/muebles-emblematicos-de-la-historia.webp\"]}]},{\"@type\":\"BreadcrumbList\",\"@id\":\"https:\/\/www.moblesgallent.com\/wp-content\/uploads\/2024\/01\/muebles-emblematicos-de-la-historia.webp#breadcrumb\",\"itemListElement\":[{\"@type\":\"ListItem\",\"position\":1,\"name\":\"Portada\",\"item\":\"https:\/\/www.moblesgallent.com\/\"},{\"@type\":\"ListItem\",\"position\":2,\"name\":\"Muebles emblem\u00e1ticos de la historia\",\"item\":\"https:\/\/www.moblesgallent.com\/muebles-emblematicos-de-la-historia\/\"},{\"@type\":\"ListItem\",\"position\":3,\"name\":\"muebles-emblematicos-de-la-historia\"}]},{\"@type\":\"WebSite\",\"@id\":\"https:\/\/www.moblesgallent.com\/#website\",\"url\":\"https:\/\/www.moblesgallent.com\/\",\"name\":\"Mobles Gallent | mobiliario de cocina | mobiliario de ba\u00f1o | mobiliario de sal\u00f3n | armarios | Reformas y dise\u00f1os de interiores en Tarragona\",\"description\":\"Otro sitio realizado con Soft Optimiza Digital Media Empresas\",\"potentialAction\":[{\"@type\":\"SearchAction\",\"target\":{\"@type\":\"EntryPoint\",\"urlTemplate\":\"https:\/\/www.moblesgallent.com\/?s={search_term_string}\"},\"query-input\":{\"@type\":\"PropertyValueSpecification\",\"valueRequired\":true,\"valueName\":\"search_term_string\"}}],\"inLanguage\":\"ca\"}]}<\/script>\n<!-- \/ Yoast SEO plugin. -->","yoast_head_json":{"title":"muebles-emblematicos-de-la-historia - Mobles Gallent | mobiliario de cocina | mobiliario de ba\u00f1o | mobiliario de sal\u00f3n | armarios | Reformas y dise\u00f1os de interiores en Tarragona","robots":{"index":"index","follow":"follow","max-snippet":"max-snippet:-1","max-image-preview":"max-image-preview:large","max-video-preview":"max-video-preview:-1"},"canonical":"https:\/\/www.moblesgallent.com\/wp-content\/uploads\/2024\/01\/muebles-emblematicos-de-la-historia.webp","og_locale":"ca_ES","og_type":"article","og_title":"muebles-emblematicos-de-la-historia - Mobles Gallent | mobiliario de cocina | mobiliario de ba\u00f1o | mobiliario de sal\u00f3n | armarios | Reformas y dise\u00f1os de interiores en Tarragona","og_url":"https:\/\/www.moblesgallent.com\/wp-content\/uploads\/2024\/01\/muebles-emblematicos-de-la-historia.webp","og_site_name":"Mobles Gallent | mobiliario de cocina | mobiliario de ba\u00f1o | mobiliario de sal\u00f3n | armarios | Reformas y dise\u00f1os de interiores en Tarragona","article_modified_time":"2024-01-22T11:22:19+00:00","og_image":[{"width":1380,"height":800,"url":"https:\/\/www.moblesgallent.com\/wp-content\/uploads\/2024\/01\/muebles-emblematicos-de-la-historia.webp","type":"image\/webp"}],"twitter_card":"summary_large_image","schema":{"@context":"https:\/\/schema.org","@graph":[{"@type":"WebPage","@id":"https:\/\/www.moblesgallent.com\/wp-content\/uploads\/2024\/01\/muebles-emblematicos-de-la-historia.webp","url":"https:\/\/www.moblesgallent.com\/wp-content\/uploads\/2024\/01\/muebles-emblematicos-de-la-historia.webp","name":"muebles-emblematicos-de-la-historia - Mobles Gallent | mobiliario de cocina | mobiliario de ba\u00f1o | mobiliario de sal\u00f3n | armarios | Reformas y dise\u00f1os de interiores en Tarragona","isPartOf":{"@id":"https:\/\/www.moblesgallent.com\/#website"},"datePublished":"2024-01-22T11:22:16+00:00","dateModified":"2024-01-22T11:22:19+00:00","breadcrumb":{"@id":"https:\/\/www.moblesgallent.com\/wp-content\/uploads\/2024\/01\/muebles-emblematicos-de-la-historia.webp#breadcrumb"},"inLanguage":"ca","potentialAction":[{"@type":"ReadAction","target":["https:\/\/www.moblesgallent.com\/wp-content\/uploads\/2024\/01\/muebles-emblematicos-de-la-historia.webp"]}]},{"@type":"BreadcrumbList","@id":"https:\/\/www.moblesgallent.com\/wp-content\/uploads\/2024\/01\/muebles-emblematicos-de-la-historia.webp#breadcrumb","itemListElement":[{"@type":"ListItem","position":1,"name":"Portada","item":"https:\/\/www.moblesgallent.com\/"},{"@type":"ListItem","position":2,"name":"Muebles emblem\u00e1ticos de la historia","item":"https:\/\/www.moblesgallent.com\/muebles-emblematicos-de-la-historia\/"},{"@type":"ListItem","position":3,"name":"muebles-emblematicos-de-la-historia"}]},{"@type":"WebSite","@id":"https:\/\/www.moblesgallent.com\/#website","url":"https:\/\/www.moblesgallent.com\/","name":"Mobles Gallent | mobiliario de cocina | mobiliario de ba\u00f1o | mobiliario de sal\u00f3n | armarios | Reformas y dise\u00f1os de interiores en Tarragona","description":"Otro sitio realizado con Soft Optimiza Digital Media Empresas","potentialAction":[{"@type":"SearchAction","target":{"@type":"EntryPoint","urlTemplate":"https:\/\/www.moblesgallent.com\/?s={search_term_string}"},"query-input":{"@type":"PropertyValueSpecification","valueRequired":true,"valueName":"search_term_string"}}],"inLanguage":"ca"}]}},"smush":"No processat","description":{"rendered":"<p class=\"attachment\"><a href='https:\/\/www.moblesgallent.com\/wp-content\/uploads\/2024\/01\/muebles-emblematicos-de-la-historia.webp'><img decoding=\"async\" width=\"300\" height=\"174\" data-src=\"https:\/\/www.moblesgallent.com\/wp-content\/uploads\/2024\/01\/muebles-emblematicos-de-la-historia-300x174.webp\" class=\"attachment-medium size-medium lazyload\" alt=\"Muebles emblem\u00e1ticos de la historia\" src=\"data:image\/svg+xml;base64,PHN2ZyB3aWR0aD0iMSIgaGVpZ2h0PSIxIiB4bWxucz0iaHR0cDovL3d3dy53My5vcmcvMjAwMC9zdmciPjwvc3ZnPg==\" style=\"--smush-placeholder-width: 300px; --smush-placeholder-aspect-ratio: 300\/174;\" \/><\/a><\/p>"},"caption":{"rendered":""},"alt_text":"Muebles emblem\u00e1ticos de la historia","media_type":"image","mime_type":"image\/webp","media_details":{"width":1380,"height":800,"file":"2024\/01\/muebles-emblematicos-de-la-historia.webp","filesize":63730,"sizes":{"medium":{"file":"muebles-emblematicos-de-la-historia-300x174.webp","width":300,"height":174,"filesize":7876,"mime_type":"image\/webp","source_url":"https:\/\/www.moblesgallent.com\/wp-content\/uploads\/2024\/01\/muebles-emblematicos-de-la-historia-300x174.webp"},"large":{"file":"muebles-emblematicos-de-la-historia-1024x594.webp","width":1024,"height":594,"filesize":44418,"mime_type":"image\/webp","source_url":"https:\/\/www.moblesgallent.com\/wp-content\/uploads\/2024\/01\/muebles-emblematicos-de-la-historia-1024x594.webp"},"thumbnail":{"file":"muebles-emblematicos-de-la-historia-150x150.webp","width":150,"height":150,"filesize":5394,"mime_type":"image\/webp","source_url":"https:\/\/www.moblesgallent.com\/wp-content\/uploads\/2024\/01\/muebles-emblematicos-de-la-historia-150x150.webp"},"medium_large":{"file":"muebles-emblematicos-de-la-historia-768x445.webp","width":768,"height":445,"filesize":30050,"mime_type":"image\/webp","source_url":"https:\/\/www.moblesgallent.com\/wp-content\/uploads\/2024\/01\/muebles-emblematicos-de-la-historia-768x445.webp"},"trp-custom-language-flag":{"file":"muebles-emblematicos-de-la-historia-18x10.webp","width":18,"height":10,"filesize":150,"mime_type":"image\/webp","source_url":"https:\/\/www.moblesgallent.com\/wp-content\/uploads\/2024\/01\/muebles-emblematicos-de-la-historia-18x10.webp"},"et-pb-post-main-image":{"file":"muebles-emblematicos-de-la-historia-400x250.webp","width":400,"height":250,"filesize":13546,"mime_type":"image\/webp","source_url":"https:\/\/www.moblesgallent.com\/wp-content\/uploads\/2024\/01\/muebles-emblematicos-de-la-historia-400x250.webp"},"et-pb-post-main-image-fullwidth":{"file":"muebles-emblematicos-de-la-historia-1080x675.webp","width":1080,"height":675,"filesize":52610,"mime_type":"image\/webp","source_url":"https:\/\/www.moblesgallent.com\/wp-content\/uploads\/2024\/01\/muebles-emblematicos-de-la-historia-1080x675.webp"},"et-pb-portfolio-image":{"file":"muebles-emblematicos-de-la-historia-400x284.webp","width":400,"height":284,"filesize":16162,"mime_type":"image\/webp","source_url":"https:\/\/www.moblesgallent.com\/wp-content\/uploads\/2024\/01\/muebles-emblematicos-de-la-historia-400x284.webp"},"et-pb-portfolio-module-image":{"file":"muebles-emblematicos-de-la-historia-510x382.webp","width":510,"height":382,"filesize":24178,"mime_type":"image\/webp","source_url":"https:\/\/www.moblesgallent.com\/wp-content\/uploads\/2024\/01\/muebles-emblematicos-de-la-historia-510x382.webp"},"et-pb-portfolio-image-single":{"file":"muebles-emblematicos-de-la-historia-1080x626.webp","width":1080,"height":626,"filesize":48268,"mime_type":"image\/webp","source_url":"https:\/\/www.moblesgallent.com\/wp-content\/uploads\/2024\/01\/muebles-emblematicos-de-la-historia-1080x626.webp"},"et-pb-gallery-module-image-portrait":{"file":"muebles-emblematicos-de-la-historia-400x516.webp","width":400,"height":516,"filesize":23732,"mime_type":"image\/webp","source_url":"https:\/\/www.moblesgallent.com\/wp-content\/uploads\/2024\/01\/muebles-emblematicos-de-la-historia-400x516.webp"},"et-pb-image--responsive--desktop":{"file":"muebles-emblematicos-de-la-historia-1280x742.webp","width":1280,"height":742,"filesize":58794,"mime_type":"image\/webp","source_url":"https:\/\/www.moblesgallent.com\/wp-content\/uploads\/2024\/01\/muebles-emblematicos-de-la-historia-1280x742.webp"},"et-pb-image--responsive--tablet":{"file":"muebles-emblematicos-de-la-historia-980x568.webp","width":980,"height":568,"filesize":42752,"mime_type":"image\/webp","source_url":"https:\/\/www.moblesgallent.com\/wp-content\/uploads\/2024\/01\/muebles-emblematicos-de-la-historia-980x568.webp"},"et-pb-image--responsive--phone":{"file":"muebles-emblematicos-de-la-historia-480x278.webp","width":480,"height":278,"filesize":15472,"mime_type":"image\/webp","source_url":"https:\/\/www.moblesgallent.com\/wp-content\/uploads\/2024\/01\/muebles-emblematicos-de-la-historia-480x278.webp"},"full":{"file":"muebles-emblematicos-de-la-historia.webp","width":1380,"height":800,"mime_type":"image\/webp","source_url":"https:\/\/www.moblesgallent.com\/wp-content\/uploads\/2024\/01\/muebles-emblematicos-de-la-historia.webp"}},"image_meta":{"aperture":"0","credit":"","camera":"","caption":"","created_timestamp":"0","copyright":"","focal_length":"0","iso":"0","shutter_speed":"0","title":"","orientation":"0","keywords":[]}},"post":1976,"source_url":"https:\/\/www.moblesgallent.com\/wp-content\/uploads\/2024\/01\/muebles-emblematicos-de-la-historia.webp","_links":{"self":[{"href":"https:\/\/www.moblesgallent.com\/ca\/wp-json\/wp\/v2\/media\/1978","targetHints":{"allow":["GET"]}}],"collection":[{"href":"https:\/\/www.moblesgallent.com\/ca\/wp-json\/wp\/v2\/media"}],"about":[{"href":"https:\/\/www.moblesgallent.com\/ca\/wp-json\/wp\/v2\/types\/attachment"}],"author":[{"embeddable":true,"href":"https:\/\/www.moblesgallent.com\/ca\/wp-json\/wp\/v2\/users\/1"}],"replies":[{"embeddable":true,"href":"https:\/\/www.moblesgallent.com\/ca\/wp-json\/wp\/v2\/comments?post=1978"}],"wp:attached-to":[{"embeddable":true,"post_type":"post","id":1976,"href":"https:\/\/www.moblesgallent.com\/ca\/wp-json\/wp\/v2\/posts\/1976"}],"curies":[{"name":"wp","href":"https:\/\/api.w.org\/{rel}","templated":true}]}}

<!-- This site is optimized with the Yoast SEO plugin v27.1.1 - https://yoast.com/product/yoast-seo-wordpress/ -->
<title>muebles-emblematicos-de-la-historia - Mobles Gallent | mobiliario de cocina | mobiliario de baño | mobiliario de salón | armarios | Reformas y diseños de interiores en Tarragona</title>
<meta name="robots" content="index, follow, max-snippet:-1, max-image-preview:large, max-video-preview:-1" />
<link rel="canonical" href="https://www.moblesgallent.com/wp-content/uploads/2024/01/muebles-emblematicos-de-la-historia.webp" />
<meta property="og:locale" content="ca_ES" />
<meta property="og:type" content="article" />
<meta property="og:title" content="muebles-emblematicos-de-la-historia - Mobles Gallent | mobiliario de cocina | mobiliario de baño | mobiliario de salón | armarios | Reformas y diseños de interiores en Tarragona" />
<meta property="og:url" content="https://www.moblesgallent.com/wp-content/uploads/2024/01/muebles-emblematicos-de-la-historia.webp" />
<meta property="og:site_name" content="Mobles Gallent | mobiliario de cocina | mobiliario de baño | mobiliario de salón | armarios | Reformas y diseños de interiores en Tarragona" />
<meta property="article:modified_time" content="2024-01-22T11:22:19+00:00" />
<meta property="og:image" content="https://www.moblesgallent.com/wp-content/uploads/2024/01/muebles-emblematicos-de-la-historia.webp" />
	<meta property="og:image:width" content="1380" />
	<meta property="og:image:height" content="800" />
	<meta property="og:image:type" content="image/webp" />
<meta name="twitter:card" content="summary_large_image" />
<script type="application/ld+json" class="yoast-schema-graph">{"@context":"https://schema.org","@graph":[{"@type":"WebPage","@id":"https://www.moblesgallent.com/wp-content/uploads/2024/01/muebles-emblematicos-de-la-historia.webp","url":"https://www.moblesgallent.com/wp-content/uploads/2024/01/muebles-emblematicos-de-la-historia.webp","name":"muebles-emblematicos-de-la-historia - Mobles Gallent | mobiliario de cocina | mobiliario de baño | mobiliario de salón | armarios | Reformas y diseños de interiores en Tarragona","isPartOf":{"@id":"https://www.moblesgallent.com/#website"},"datePublished":"2024-01-22T11:22:16+00:00","dateModified":"2024-01-22T11:22:19+00:00","breadcrumb":{"@id":"https://www.moblesgallent.com/wp-content/uploads/2024/01/muebles-emblematicos-de-la-historia.webp#breadcrumb"},"inLanguage":"ca","potentialAction":[{"@type":"ReadAction","target":["https://www.moblesgallent.com/wp-content/uploads/2024/01/muebles-emblematicos-de-la-historia.webp"]}]},{"@type":"BreadcrumbList","@id":"https://www.moblesgallent.com/wp-content/uploads/2024/01/muebles-emblematicos-de-la-historia.webp#breadcrumb","itemListElement":[{"@type":"ListItem","position":1,"name":"Portada","item":"https://www.moblesgallent.com/"},{"@type":"ListItem","position":2,"name":"Muebles emblemáticos de la historia","item":"https://www.moblesgallent.com/muebles-emblematicos-de-la-historia/"},{"@type":"ListItem","position":3,"name":"muebles-emblematicos-de-la-historia"}]},{"@type":"WebSite","@id":"https://www.moblesgallent.com/#website","url":"https://www.moblesgallent.com/","name":"Mobles Gallent | mobiliario de cocina | mobiliario de baño | mobiliario de salón | armarios | Reformas y diseños de interiores en Tarragona","description":"Otro sitio realizado con Soft Optimiza Digital Media Empresas","potentialAction":[{"@type":"SearchAction","target":{"@type":"EntryPoint","urlTemplate":"https://www.moblesgallent.com/?s={search_term_string}"},"query-input":{"@type":"PropertyValueSpecification","valueRequired":true,"valueName":"search_term_string"}}],"inLanguage":"ca"}]}</script>
<!-- / Yoast SEO plugin. -->

muebles-emblematicos-de-la-historia - Mobles Gallent | mobiliario de cocina | mobiliario de baño | mobiliario de salón | armarios | Reformas y diseños de interiores en Tarragona

Mobles Gallent | mobiliario de cocina | mobiliario de baño | mobiliario de salón | armarios | Reformas y diseños de interiores en Tarragona

Muebles emblemáticos de la historia

<p class="attachment"><a href='https://www.moblesgallent.com/wp-content/uploads/2024/01/muebles-emblematicos-de-la-historia.webp'><img decoding="async" width="300" height="174" data-src="https://www.moblesgallent.com/wp-content/uploads/2024/01/muebles-emblematicos-de-la-historia-300x174.webp" class="attachment-medium size-medium lazyload" alt="Muebles emblemáticos de la historia" src="data:image/svg+xml;base64,PHN2ZyB3aWR0aD0iMSIgaGVpZ2h0PSIxIiB4bWxucz0iaHR0cDovL3d3dy53My5vcmcvMjAwMC9zdmciPjwvc3ZnPg==" style="--smush-placeholder-width: 300px; --smush-placeholder-aspect-ratio: 300/174;" /></a></p>
