{"id":119,"date":"2016-02-17T16:30:04","date_gmt":"2016-02-17T16:30:04","guid":{"rendered":"http:\/\/www.moblesgallent.com\/wp-content\/uploads\/2016\/02\/REFORMAS.png"},"modified":"2016-02-17T16:30:42","modified_gmt":"2016-02-17T16:30:42","slug":"reformas","status":"inherit","type":"attachment","link":"https:\/\/www.moblesgallent.com\/ca\/inicio\/reformas\/","title":{"rendered":"Reformas Integrales de viviendas | Reformas Integrales en Tarragona"},"author":1,"featured_media":0,"comment_status":"open","ping_status":"closed","template":"","meta":{"_et_pb_use_builder":"","_et_pb_old_content":"","_et_gb_content_width":""},"class_list":["post-119","attachment","type-attachment","status-inherit","hentry"],"yoast_head":"<!-- This site is optimized with the Yoast SEO plugin v27.1.1 - https:\/\/yoast.com\/product\/yoast-seo-wordpress\/ -->\n<title>Reformas Integrales de viviendas | Reformas Integrales en Tarragona - Mobles Gallent | mobiliario de cocina | mobiliario de ba\u00f1o | mobiliario de sal\u00f3n | armarios | Reformas y dise\u00f1os de interiores en Tarragona<\/title>\n<meta name=\"robots\" content=\"index, follow, max-snippet:-1, max-image-preview:large, max-video-preview:-1\" \/>\n<link rel=\"canonical\" href=\"https:\/\/www.moblesgallent.com\/wp-content\/uploads\/2016\/02\/REFORMAS.png\" \/>\n<meta property=\"og:locale\" content=\"ca_ES\" \/>\n<meta property=\"og:type\" content=\"article\" \/>\n<meta property=\"og:title\" content=\"Reformas Integrales de viviendas | Reformas Integrales en Tarragona - Mobles Gallent | mobiliario de cocina | mobiliario de ba\u00f1o | mobiliario de sal\u00f3n | armarios | Reformas y dise\u00f1os de interiores en Tarragona\" \/>\n<meta property=\"og:description\" content=\"Reformas Integrales de viviendas | Reformas Integrales en Tarragona\" \/>\n<meta property=\"og:url\" content=\"https:\/\/www.moblesgallent.com\/wp-content\/uploads\/2016\/02\/REFORMAS.png\" \/>\n<meta property=\"og:site_name\" content=\"Mobles Gallent | mobiliario de cocina | mobiliario de ba\u00f1o | mobiliario de sal\u00f3n | armarios | Reformas y dise\u00f1os de interiores en Tarragona\" \/>\n<meta property=\"article:modified_time\" content=\"2016-02-17T16:30:42+00:00\" \/>\n<meta property=\"og:image\" content=\"https:\/\/www.moblesgallent.com\/wp-content\/uploads\/2016\/02\/REFORMAS.png\" \/>\n\t<meta property=\"og:image:width\" content=\"500\" \/>\n\t<meta property=\"og:image:height\" content=\"350\" \/>\n\t<meta property=\"og:image:type\" content=\"image\/png\" \/>\n<meta name=\"twitter:card\" content=\"summary_large_image\" \/>\n<script type=\"application\/ld+json\" class=\"yoast-schema-graph\">{\"@context\":\"https:\/\/schema.org\",\"@graph\":[{\"@type\":\"WebPage\",\"@id\":\"https:\/\/www.moblesgallent.com\/wp-content\/uploads\/2016\/02\/REFORMAS.png\",\"url\":\"https:\/\/www.moblesgallent.com\/wp-content\/uploads\/2016\/02\/REFORMAS.png\",\"name\":\"Reformas Integrales de viviendas | Reformas Integrales en Tarragona - Mobles Gallent | mobiliario de cocina | mobiliario de ba\u00f1o | mobiliario de sal\u00f3n | armarios | Reformas y dise\u00f1os de interiores en Tarragona\",\"isPartOf\":{\"@id\":\"https:\/\/www.moblesgallent.com\/#website\"},\"datePublished\":\"2016-02-17T16:30:04+00:00\",\"dateModified\":\"2016-02-17T16:30:42+00:00\",\"breadcrumb\":{\"@id\":\"https:\/\/www.moblesgallent.com\/wp-content\/uploads\/2016\/02\/REFORMAS.png#breadcrumb\"},\"inLanguage\":\"ca\",\"potentialAction\":[{\"@type\":\"ReadAction\",\"target\":[\"https:\/\/www.moblesgallent.com\/wp-content\/uploads\/2016\/02\/REFORMAS.png\"]}]},{\"@type\":\"BreadcrumbList\",\"@id\":\"https:\/\/www.moblesgallent.com\/wp-content\/uploads\/2016\/02\/REFORMAS.png#breadcrumb\",\"itemListElement\":[{\"@type\":\"ListItem\",\"position\":1,\"name\":\"Portada\",\"item\":\"https:\/\/www.moblesgallent.com\/\"},{\"@type\":\"ListItem\",\"position\":2,\"name\":\"Inicio\",\"item\":\"https:\/\/www.moblesgallent.com\/\"},{\"@type\":\"ListItem\",\"position\":3,\"name\":\"Reformas Integrales de viviendas | Reformas Integrales en Tarragona\"}]},{\"@type\":\"WebSite\",\"@id\":\"https:\/\/www.moblesgallent.com\/#website\",\"url\":\"https:\/\/www.moblesgallent.com\/\",\"name\":\"Mobles Gallent | mobiliario de cocina | mobiliario de ba\u00f1o | mobiliario de sal\u00f3n | armarios | Reformas y dise\u00f1os de interiores en Tarragona\",\"description\":\"Otro sitio realizado con Soft Optimiza Digital Media Empresas\",\"potentialAction\":[{\"@type\":\"SearchAction\",\"target\":{\"@type\":\"EntryPoint\",\"urlTemplate\":\"https:\/\/www.moblesgallent.com\/?s={search_term_string}\"},\"query-input\":{\"@type\":\"PropertyValueSpecification\",\"valueRequired\":true,\"valueName\":\"search_term_string\"}}],\"inLanguage\":\"ca\"}]}<\/script>\n<!-- \/ Yoast SEO plugin. -->","yoast_head_json":{"title":"Reformas Integrales de viviendas | Reformas Integrales en Tarragona - Mobles Gallent | mobiliario de cocina | mobiliario de ba\u00f1o | mobiliario de sal\u00f3n | armarios | Reformas y dise\u00f1os de interiores en Tarragona","robots":{"index":"index","follow":"follow","max-snippet":"max-snippet:-1","max-image-preview":"max-image-preview:large","max-video-preview":"max-video-preview:-1"},"canonical":"https:\/\/www.moblesgallent.com\/wp-content\/uploads\/2016\/02\/REFORMAS.png","og_locale":"ca_ES","og_type":"article","og_title":"Reformas Integrales de viviendas | Reformas Integrales en Tarragona - Mobles Gallent | mobiliario de cocina | mobiliario de ba\u00f1o | mobiliario de sal\u00f3n | armarios | Reformas y dise\u00f1os de interiores en Tarragona","og_description":"Reformas Integrales de viviendas | Reformas Integrales en Tarragona","og_url":"https:\/\/www.moblesgallent.com\/wp-content\/uploads\/2016\/02\/REFORMAS.png","og_site_name":"Mobles Gallent | mobiliario de cocina | mobiliario de ba\u00f1o | mobiliario de sal\u00f3n | armarios | Reformas y dise\u00f1os de interiores en Tarragona","article_modified_time":"2016-02-17T16:30:42+00:00","og_image":[{"width":500,"height":350,"url":"https:\/\/www.moblesgallent.com\/wp-content\/uploads\/2016\/02\/REFORMAS.png","type":"image\/png"}],"twitter_card":"summary_large_image","schema":{"@context":"https:\/\/schema.org","@graph":[{"@type":"WebPage","@id":"https:\/\/www.moblesgallent.com\/wp-content\/uploads\/2016\/02\/REFORMAS.png","url":"https:\/\/www.moblesgallent.com\/wp-content\/uploads\/2016\/02\/REFORMAS.png","name":"Reformas Integrales de viviendas | Reformas Integrales en Tarragona - Mobles Gallent | mobiliario de cocina | mobiliario de ba\u00f1o | mobiliario de sal\u00f3n | armarios | Reformas y dise\u00f1os de interiores en Tarragona","isPartOf":{"@id":"https:\/\/www.moblesgallent.com\/#website"},"datePublished":"2016-02-17T16:30:04+00:00","dateModified":"2016-02-17T16:30:42+00:00","breadcrumb":{"@id":"https:\/\/www.moblesgallent.com\/wp-content\/uploads\/2016\/02\/REFORMAS.png#breadcrumb"},"inLanguage":"ca","potentialAction":[{"@type":"ReadAction","target":["https:\/\/www.moblesgallent.com\/wp-content\/uploads\/2016\/02\/REFORMAS.png"]}]},{"@type":"BreadcrumbList","@id":"https:\/\/www.moblesgallent.com\/wp-content\/uploads\/2016\/02\/REFORMAS.png#breadcrumb","itemListElement":[{"@type":"ListItem","position":1,"name":"Portada","item":"https:\/\/www.moblesgallent.com\/"},{"@type":"ListItem","position":2,"name":"Inicio","item":"https:\/\/www.moblesgallent.com\/"},{"@type":"ListItem","position":3,"name":"Reformas Integrales de viviendas | Reformas Integrales en Tarragona"}]},{"@type":"WebSite","@id":"https:\/\/www.moblesgallent.com\/#website","url":"https:\/\/www.moblesgallent.com\/","name":"Mobles Gallent | mobiliario de cocina | mobiliario de ba\u00f1o | mobiliario de sal\u00f3n | armarios | Reformas y dise\u00f1os de interiores en Tarragona","description":"Otro sitio realizado con Soft Optimiza Digital Media Empresas","potentialAction":[{"@type":"SearchAction","target":{"@type":"EntryPoint","urlTemplate":"https:\/\/www.moblesgallent.com\/?s={search_term_string}"},"query-input":{"@type":"PropertyValueSpecification","valueRequired":true,"valueName":"search_term_string"}}],"inLanguage":"ca"}]}},"smush":{"stats":{"percent":0,"bytes":0,"size_before":584585,"size_after":584585,"time":0.27,"api_version":"1.0","lossy":false,"keep_exif":0},"sizes":{"thumbnail":{"percent":0,"bytes":0,"size_before":49351,"size_after":49351,"time":0.02},"medium":{"percent":0,"bytes":0,"size_before":128280,"size_after":128280,"time":0.06},"et-pb-post-main-image":{"percent":0,"bytes":0,"size_before":191087,"size_after":191087,"time":0.08},"et-pb-portfolio-image":{"percent":0,"bytes":0,"size_before":215867,"size_after":215867,"time":0.11}}},"description":{"rendered":"<p class=\"attachment\"><a href='https:\/\/www.moblesgallent.com\/wp-content\/uploads\/2016\/02\/REFORMAS.png'><img decoding=\"async\" width=\"300\" height=\"210\" data-src=\"https:\/\/www.moblesgallent.com\/wp-content\/uploads\/2016\/02\/REFORMAS-300x210.png\" class=\"attachment-medium size-medium lazyload\" alt=\"Reformas Integrales de viviendas | Reformas Integrales en Tarragona\" data-srcset=\"https:\/\/www.moblesgallent.com\/wp-content\/uploads\/2016\/02\/REFORMAS-300x210.png 300w,  https:\/\/www.moblesgallent.com\/wp-content\/uploads\/2016\/02\/REFORMAS.png 500w\" data-sizes=\"(max-width: 300px) 100vw, 300px\" src=\"data:image\/svg+xml;base64,PHN2ZyB3aWR0aD0iMSIgaGVpZ2h0PSIxIiB4bWxucz0iaHR0cDovL3d3dy53My5vcmcvMjAwMC9zdmciPjwvc3ZnPg==\" style=\"--smush-placeholder-width: 300px; --smush-placeholder-aspect-ratio: 300\/210;\" \/><\/a><\/p>\n<p>Reformas Integrales de viviendas | Reformas Integrales en Tarragona<\/p>"},"caption":{"rendered":"<p>Reformas Integrales de viviendas | Reformas Integrales en Tarragona<\/p>"},"alt_text":"Reformas Integrales de viviendas | Reformas Integrales en Tarragona","media_type":"image","mime_type":"image\/png","media_details":{"width":500,"height":350,"file":"2016\/02\/REFORMAS.png","sizes":{"thumbnail":{"file":"REFORMAS-150x150.png","width":150,"height":150,"mime_type":"image\/png","source_url":"https:\/\/www.moblesgallent.com\/wp-content\/uploads\/2016\/02\/REFORMAS-150x150.png"},"medium":{"file":"REFORMAS-300x210.png","width":300,"height":210,"mime_type":"image\/png","source_url":"https:\/\/www.moblesgallent.com\/wp-content\/uploads\/2016\/02\/REFORMAS-300x210.png"},"et-pb-post-main-image":{"file":"REFORMAS-400x250.png","width":400,"height":250,"mime_type":"image\/png","source_url":"https:\/\/www.moblesgallent.com\/wp-content\/uploads\/2016\/02\/REFORMAS-400x250.png"},"et-pb-portfolio-image":{"file":"REFORMAS-400x284.png","width":400,"height":284,"mime_type":"image\/png","source_url":"https:\/\/www.moblesgallent.com\/wp-content\/uploads\/2016\/02\/REFORMAS-400x284.png"},"full":{"file":"REFORMAS.png","width":500,"height":350,"mime_type":"image\/png","source_url":"https:\/\/www.moblesgallent.com\/wp-content\/uploads\/2016\/02\/REFORMAS.png"}},"image_meta":{"aperture":"0","credit":"","camera":"","caption":"","created_timestamp":"0","copyright":"","focal_length":"0","iso":"0","shutter_speed":"0","title":"","orientation":"0","keywords":[]}},"post":2,"source_url":"https:\/\/www.moblesgallent.com\/wp-content\/uploads\/2016\/02\/REFORMAS.png","_links":{"self":[{"href":"https:\/\/www.moblesgallent.com\/ca\/wp-json\/wp\/v2\/media\/119","targetHints":{"allow":["GET"]}}],"collection":[{"href":"https:\/\/www.moblesgallent.com\/ca\/wp-json\/wp\/v2\/media"}],"about":[{"href":"https:\/\/www.moblesgallent.com\/ca\/wp-json\/wp\/v2\/types\/attachment"}],"author":[{"embeddable":true,"href":"https:\/\/www.moblesgallent.com\/ca\/wp-json\/wp\/v2\/users\/1"}],"replies":[{"embeddable":true,"href":"https:\/\/www.moblesgallent.com\/ca\/wp-json\/wp\/v2\/comments?post=119"}],"wp:attached-to":[{"embeddable":true,"post_type":"page","id":2,"href":"https:\/\/www.moblesgallent.com\/ca\/wp-json\/wp\/v2\/pages\/2"}],"curies":[{"name":"wp","href":"https:\/\/api.w.org\/{rel}","templated":true}]}}

<!-- This site is optimized with the Yoast SEO plugin v27.1.1 - https://yoast.com/product/yoast-seo-wordpress/ -->
<title>Reformas Integrales de viviendas | Reformas Integrales en Tarragona - Mobles Gallent | mobiliario de cocina | mobiliario de baño | mobiliario de salón | armarios | Reformas y diseños de interiores en Tarragona</title>
<meta name="robots" content="index, follow, max-snippet:-1, max-image-preview:large, max-video-preview:-1" />
<link rel="canonical" href="https://www.moblesgallent.com/wp-content/uploads/2016/02/REFORMAS.png" />
<meta property="og:locale" content="ca_ES" />
<meta property="og:type" content="article" />
<meta property="og:title" content="Reformas Integrales de viviendas | Reformas Integrales en Tarragona - Mobles Gallent | mobiliario de cocina | mobiliario de baño | mobiliario de salón | armarios | Reformas y diseños de interiores en Tarragona" />
<meta property="og:description" content="Reformas Integrales de viviendas | Reformas Integrales en Tarragona" />
<meta property="og:url" content="https://www.moblesgallent.com/wp-content/uploads/2016/02/REFORMAS.png" />
<meta property="og:site_name" content="Mobles Gallent | mobiliario de cocina | mobiliario de baño | mobiliario de salón | armarios | Reformas y diseños de interiores en Tarragona" />
<meta property="article:modified_time" content="2016-02-17T16:30:42+00:00" />
<meta property="og:image" content="https://www.moblesgallent.com/wp-content/uploads/2016/02/REFORMAS.png" />
	<meta property="og:image:width" content="500" />
	<meta property="og:image:height" content="350" />
	<meta property="og:image:type" content="image/png" />
<meta name="twitter:card" content="summary_large_image" />
<script type="application/ld+json" class="yoast-schema-graph">{"@context":"https://schema.org","@graph":[{"@type":"WebPage","@id":"https://www.moblesgallent.com/wp-content/uploads/2016/02/REFORMAS.png","url":"https://www.moblesgallent.com/wp-content/uploads/2016/02/REFORMAS.png","name":"Reformas Integrales de viviendas | Reformas Integrales en Tarragona - Mobles Gallent | mobiliario de cocina | mobiliario de baño | mobiliario de salón | armarios | Reformas y diseños de interiores en Tarragona","isPartOf":{"@id":"https://www.moblesgallent.com/#website"},"datePublished":"2016-02-17T16:30:04+00:00","dateModified":"2016-02-17T16:30:42+00:00","breadcrumb":{"@id":"https://www.moblesgallent.com/wp-content/uploads/2016/02/REFORMAS.png#breadcrumb"},"inLanguage":"ca","potentialAction":[{"@type":"ReadAction","target":["https://www.moblesgallent.com/wp-content/uploads/2016/02/REFORMAS.png"]}]},{"@type":"BreadcrumbList","@id":"https://www.moblesgallent.com/wp-content/uploads/2016/02/REFORMAS.png#breadcrumb","itemListElement":[{"@type":"ListItem","position":1,"name":"Portada","item":"https://www.moblesgallent.com/"},{"@type":"ListItem","position":2,"name":"Inicio","item":"https://www.moblesgallent.com/"},{"@type":"ListItem","position":3,"name":"Reformas Integrales de viviendas | Reformas Integrales en Tarragona"}]},{"@type":"WebSite","@id":"https://www.moblesgallent.com/#website","url":"https://www.moblesgallent.com/","name":"Mobles Gallent | mobiliario de cocina | mobiliario de baño | mobiliario de salón | armarios | Reformas y diseños de interiores en Tarragona","description":"Otro sitio realizado con Soft Optimiza Digital Media Empresas","potentialAction":[{"@type":"SearchAction","target":{"@type":"EntryPoint","urlTemplate":"https://www.moblesgallent.com/?s={search_term_string}"},"query-input":{"@type":"PropertyValueSpecification","valueRequired":true,"valueName":"search_term_string"}}],"inLanguage":"ca"}]}</script>
<!-- / Yoast SEO plugin. -->

Reformas Integrales de viviendas | Reformas Integrales en Tarragona - Mobles Gallent | mobiliario de cocina | mobiliario de baño | mobiliario de salón | armarios | Reformas y diseños de interiores en Tarragona

Mobles Gallent | mobiliario de cocina | mobiliario de baño | mobiliario de salón | armarios | Reformas y diseños de interiores en Tarragona
